{"id":10916,"date":"2012-10-06T05:16:32","date_gmt":"2012-10-06T02:16:32","guid":{"rendered":"https:\/\/westbalt.ee\/?post_type=product&#038;p=10916"},"modified":"2026-03-21T19:44:01","modified_gmt":"2026-03-21T16:44:01","slug":"prf-tcc-520-tapsuselektroonika-puhastusvahend-520ml","status":"publish","type":"product","link":"https:\/\/westbalt.ee\/?product=prf-tcc-520-tapsuselektroonika-puhastusvahend-520ml","title":{"rendered":"PRF TCC\/520 t\u00e4psuselektroonika puhastusvahend 520ml"},"content":{"rendered":"<p>&#8211;<\/p>\n","protected":false},"excerpt":{"rendered":"<p>Kiiresti haihtuv kuiv puhastusvahend t\u00e4psuselektroonika seadmete jaoks. Eemaldab kergesti \u00f5li, rasva. Haihtub t\u00e4ielikult ega j\u00e4ta j\u00e4\u00e4ke, ei s\u00f6\u00f6vita metalli ega kahjusta kummi, v\u00e4rvi, lakki ega plastmassi.<br \/>\nKasutamine: L\u00fclitid, releed, kontaktpinnad ja muud elektri\u00fchendused.<br \/>\nGr. 520 ml \/ Net 400 ml<\/p>\n","protected":false},"featured_media":10917,"comment_status":"open","ping_status":"open","template":"","meta":{"_acf_changed":false,"_monsterinsights_skip_tracking":false,"_monsterinsights_sitenote_active":false,"_monsterinsights_sitenote_note":"","_monsterinsights_sitenote_category":0},"pwb-brand":[2426],"product_brand":[],"product_cat":[344],"product_tag":[],"class_list":{"0":"post-10916","1":"product","2":"type-product","3":"status-publish","4":"has-post-thumbnail","6":"pwb-brand-taerosol","7":"product_cat-puhastusvahendid","9":"first","10":"outofstock","11":"taxable","12":"shipping-taxable","13":"purchasable","14":"product-type-simple"},"acf":[],"aioseo_notices":[],"jetpack_sharing_enabled":true,"brands":[{"id":2426,"name":"TAEROSOL","slug":"taerosol"}],"_links":{"self":[{"href":"https:\/\/westbalt.ee\/index.php?rest_route=\/wp\/v2\/product\/10916","targetHints":{"allow":["GET"]}}],"collection":[{"href":"https:\/\/westbalt.ee\/index.php?rest_route=\/wp\/v2\/product"}],"about":[{"href":"https:\/\/westbalt.ee\/index.php?rest_route=\/wp\/v2\/types\/product"}],"replies":[{"embeddable":true,"href":"https:\/\/westbalt.ee\/index.php?rest_route=%2Fwp%2Fv2%2Fcomments&post=10916"}],"wp:featuredmedia":[{"embeddable":true,"href":"https:\/\/westbalt.ee\/index.php?rest_route=\/wp\/v2\/media\/10917"}],"wp:attachment":[{"href":"https:\/\/westbalt.ee\/index.php?rest_route=%2Fwp%2Fv2%2Fmedia&parent=10916"}],"wp:term":[{"taxonomy":"pwb-brand","embeddable":true,"href":"https:\/\/westbalt.ee\/index.php?rest_route=%2Fwp%2Fv2%2Fpwb-brand&post=10916"},{"taxonomy":"product_brand","embeddable":true,"href":"https:\/\/westbalt.ee\/index.php?rest_route=%2Fwp%2Fv2%2Fproduct_brand&post=10916"},{"taxonomy":"product_cat","embeddable":true,"href":"https:\/\/westbalt.ee\/index.php?rest_route=%2Fwp%2Fv2%2Fproduct_cat&post=10916"},{"taxonomy":"product_tag","embeddable":true,"href":"https:\/\/westbalt.ee\/index.php?rest_route=%2Fwp%2Fv2%2Fproduct_tag&post=10916"}],"curies":[{"name":"wp","href":"https:\/\/api.w.org\/{rel}","templated":true}]}}