{"id":10930,"date":"2012-10-06T05:22:22","date_gmt":"2012-10-06T02:22:22","guid":{"rendered":"https:\/\/westbalt.ee\/?post_type=product&#038;p=10930"},"modified":"2026-03-21T19:43:52","modified_gmt":"2026-03-21T16:43:52","slug":"thermal-compound-20g","status":"publish","type":"product","link":"https:\/\/westbalt.ee\/?product=thermal-compound-20g","title":{"rendered":"Epoksiid t\u00e4itemass  100g 100:10 60min"},"content":{"rendered":"<p>\u2013 suurep\u00e4rane elektriisolatsioon ja hea nakkuvus praktiliselt k\u00f5ikide materjalir\u00fchmadega.<br \/>\n\u2013 kasutusala: m\u00e4hised, trafod, kondensaatorid, takistid, pistikud, jne.<br \/>\n\u2013 hea sideme tugevus isegi rasketes ilmastikutingimustes.<br \/>\n\u2013 s\u00e4ilitab oma omadused k\u00f5rgel temperatuuril.<br \/>\n\u2013 segamise suhe\t100:10<br \/>\n\u2013 kuivamisaeg\t60 min<\/p>\n","protected":false},"excerpt":{"rendered":"<p>Kahekomponentne vaik elektroonika, telekommunikatsiooni ja raadiotehnika komponentide katmiseks ja hermetiseerimiseks.<\/p>\n","protected":false},"featured_media":26881,"comment_status":"open","ping_status":"closed","template":"","meta":{"_acf_changed":false,"_monsterinsights_skip_tracking":false,"_monsterinsights_sitenote_active":false,"_monsterinsights_sitenote_note":"","_monsterinsights_sitenote_category":0},"pwb-brand":[],"product_brand":[],"product_cat":[347],"product_tag":[],"class_list":{"0":"post-10930","1":"product","2":"type-product","3":"status-publish","4":"has-post-thumbnail","6":"product_cat-termopastad","8":"first","9":"instock","10":"taxable","11":"shipping-taxable","12":"purchasable","13":"product-type-simple"},"acf":[],"aioseo_notices":[],"jetpack_sharing_enabled":true,"brands":[],"_links":{"self":[{"href":"https:\/\/westbalt.ee\/index.php?rest_route=\/wp\/v2\/product\/10930","targetHints":{"allow":["GET"]}}],"collection":[{"href":"https:\/\/westbalt.ee\/index.php?rest_route=\/wp\/v2\/product"}],"about":[{"href":"https:\/\/westbalt.ee\/index.php?rest_route=\/wp\/v2\/types\/product"}],"replies":[{"embeddable":true,"href":"https:\/\/westbalt.ee\/index.php?rest_route=%2Fwp%2Fv2%2Fcomments&post=10930"}],"wp:featuredmedia":[{"embeddable":true,"href":"https:\/\/westbalt.ee\/index.php?rest_route=\/wp\/v2\/media\/26881"}],"wp:attachment":[{"href":"https:\/\/westbalt.ee\/index.php?rest_route=%2Fwp%2Fv2%2Fmedia&parent=10930"}],"wp:term":[{"taxonomy":"pwb-brand","embeddable":true,"href":"https:\/\/westbalt.ee\/index.php?rest_route=%2Fwp%2Fv2%2Fpwb-brand&post=10930"},{"taxonomy":"product_brand","embeddable":true,"href":"https:\/\/westbalt.ee\/index.php?rest_route=%2Fwp%2Fv2%2Fproduct_brand&post=10930"},{"taxonomy":"product_cat","embeddable":true,"href":"https:\/\/westbalt.ee\/index.php?rest_route=%2Fwp%2Fv2%2Fproduct_cat&post=10930"},{"taxonomy":"product_tag","embeddable":true,"href":"https:\/\/westbalt.ee\/index.php?rest_route=%2Fwp%2Fv2%2Fproduct_tag&post=10930"}],"curies":[{"name":"wp","href":"https:\/\/api.w.org\/{rel}","templated":true}]}}