{"id":12979,"date":"2021-07-06T16:33:58","date_gmt":"2021-07-06T13:33:58","guid":{"rendered":"https:\/\/westbalt.ee\/?post_type=product&#038;p=12979"},"modified":"2026-03-21T19:48:06","modified_gmt":"2026-03-21T16:48:06","slug":"multimeter-dvm1200-velleman-usb-interface","status":"publish","type":"product","link":"https:\/\/westbalt.ee\/?product=multimeter-dvm1200-velleman-usb-interface","title":{"rendered":"Multimeeter UT125C UNI-T 600V\/400mA\/60kHz\/100uF\/4M"},"content":{"rendered":"<table border=\"0\" width=\"600\" cellspacing=\"0\" cellpadding=\"0\">\n<tbody>\n<tr>\n<td height=\"20\"><strong><span>Spetsifikatsioonid<\/span><\/strong><\/td>\n<td><strong><span>Vahemik<\/span><\/strong><\/td>\n<td><strong><span>T\u00e4psus<\/span><\/strong><\/td>\n<\/tr>\n<tr>\n<td height=\"19\"><span>Alalispinge (V)<\/span><\/td>\n<td><span>600V<\/span><\/td>\n<td><span>\u00b1 (0,5% + 5)<\/span><\/td>\n<\/tr>\n<tr>\n<td height=\"19\"><span>Vahelduvpinge (V)<\/span><\/td>\n<td><span>600V<\/span><\/td>\n<td><span>\u00b1 (1,2% + 5)<\/span><\/td>\n<\/tr>\n<tr>\n<td height=\"19\"><span>Alalisvool (A)<\/span><\/td>\n<td><span>400mA<\/span><\/td>\n<td><span>\u00b1 (1,8% + 5)<\/span><\/td>\n<\/tr>\n<tr>\n<td height=\"19\"><span>Vahelduvvool (A)<\/span><\/td>\n<td><span>400mA<\/span><\/td>\n<td><span>\u00b1 (2% + 8)<\/span><\/td>\n<\/tr>\n<tr>\n<td height=\"19\"><span>Takistus (\u03a9)<\/span><\/td>\n<td><span>40M\u03a9<\/span><\/td>\n<td><span>\u00b1 (1% + 5)<\/span><\/td>\n<\/tr>\n<tr>\n<td height=\"19\"><span>Mahtuvus (F)<\/span><\/td>\n<td><span>100\u03bcF<\/span><\/td>\n<td><span>\u00b1 (4% + 10)<\/span><\/td>\n<\/tr>\n<tr>\n<td height=\"19\"><span>Sagedus (Hz)<\/span><\/td>\n<td><span>10Hz ~ 60kHz<\/span><\/td>\n<td><span>\u00b1 (0,1% + 5)<\/span><\/td>\n<\/tr>\n<tr>\n<td height=\"19\"><span>T\u00f6\u00f6ts\u00fckkel<\/span><\/td>\n<td><span>20% ~ 80%<\/span><\/td>\n<td><span>Viide<\/span><\/td>\n<\/tr>\n<tr>\n<td colspan=\"3\" height=\"20\"><strong><span>Funktsioonid<\/span><\/strong><\/td>\n<\/tr>\n<tr>\n<td height=\"19\"><span>NCV<\/span><\/td>\n<td><\/td>\n<td><span>\u221a<\/span><\/td>\n<\/tr>\n<tr>\n<td height=\"19\"><span>Dioodi test \/ j\u00e4rjepidevuse test<\/span><\/td>\n<td><\/td>\n<td><span>\u221a<\/span><\/td>\n<\/tr>\n<tr>\n<td height=\"19\"><span>Aku t\u00fchjenemise indikaator<\/span><\/td>\n<td><\/td>\n<td><span>\u221a<\/span><\/td>\n<\/tr>\n<tr>\n<td height=\"19\"><span>Andmete hoidmine \/ automaatne v\u00e4ljal\u00fclitus<\/span><\/td>\n<td><\/td>\n<td><span>\u221a<\/span><\/td>\n<\/tr>\n<tr>\n<td height=\"19\"><span>T\u00f6\u00f6temperatuur<\/span><\/td>\n<td colspan=\"2\"><span>0 \u2103 ~ 50 \u2103<\/span><\/td>\n<\/tr>\n<tr>\n<td colspan=\"3\" height=\"20\"><strong>Standardvarustus<\/strong><\/td>\n<\/tr>\n<tr>\n<td height=\"19\"><span>Patareid<\/span><\/td>\n<td colspan=\"2\"><span>1,5 V (R03) x 2<\/span><\/td>\n<\/tr>\n<\/tbody>\n<\/table>\n","protected":false},"excerpt":{"rendered":"<p>V\u00e4ike suurus, lihtne kaasas kanda ja kasutada<br \/>\n600 V alalis- \/ vahelduvpinge m\u00f5\u00f5tmine<br \/>\n400mA alalis- \/ vahelduvvoolu m\u00f5\u00f5tmine<br \/>\nTakistuse \/ mahtuvuse \/ dioodi \/ j\u00e4rjepidevuse test<br \/>\nSageduse \/ t\u00f6\u00f6ts\u00fckli m\u00f5\u00f5tmine<br \/>\nCE (EMC, LVD, RoHS), cETLus<br \/>\nCAT III 600V<br \/>\nKukkumiskatse<\/p>\n","protected":false},"featured_media":24750,"comment_status":"open","ping_status":"closed","template":"","meta":{"_acf_changed":false,"_monsterinsights_skip_tracking":false,"_monsterinsights_sitenote_active":false,"_monsterinsights_sitenote_note":"","_monsterinsights_sitenote_category":0},"pwb-brand":[2409],"product_brand":[],"product_cat":[302],"product_tag":[],"class_list":{"0":"post-12979","1":"product","2":"type-product","3":"status-publish","4":"has-post-thumbnail","6":"pwb-brand-uni-t","7":"product_cat-multimeetrid","9":"first","10":"instock","11":"taxable","12":"shipping-taxable","13":"purchasable","14":"product-type-simple"},"acf":[],"aioseo_notices":[],"jetpack_sharing_enabled":true,"brands":[{"id":2409,"name":"UNI-T","slug":"uni-t"}],"_links":{"self":[{"href":"https:\/\/westbalt.ee\/index.php?rest_route=\/wp\/v2\/product\/12979","targetHints":{"allow":["GET"]}}],"collection":[{"href":"https:\/\/westbalt.ee\/index.php?rest_route=\/wp\/v2\/product"}],"about":[{"href":"https:\/\/westbalt.ee\/index.php?rest_route=\/wp\/v2\/types\/product"}],"replies":[{"embeddable":true,"href":"https:\/\/westbalt.ee\/index.php?rest_route=%2Fwp%2Fv2%2Fcomments&post=12979"}],"wp:featuredmedia":[{"embeddable":true,"href":"https:\/\/westbalt.ee\/index.php?rest_route=\/wp\/v2\/media\/24750"}],"wp:attachment":[{"href":"https:\/\/westbalt.ee\/index.php?rest_route=%2Fwp%2Fv2%2Fmedia&parent=12979"}],"wp:term":[{"taxonomy":"pwb-brand","embeddable":true,"href":"https:\/\/westbalt.ee\/index.php?rest_route=%2Fwp%2Fv2%2Fpwb-brand&post=12979"},{"taxonomy":"product_brand","embeddable":true,"href":"https:\/\/westbalt.ee\/index.php?rest_route=%2Fwp%2Fv2%2Fproduct_brand&post=12979"},{"taxonomy":"product_cat","embeddable":true,"href":"https:\/\/westbalt.ee\/index.php?rest_route=%2Fwp%2Fv2%2Fproduct_cat&post=12979"},{"taxonomy":"product_tag","embeddable":true,"href":"https:\/\/westbalt.ee\/index.php?rest_route=%2Fwp%2Fv2%2Fproduct_tag&post=12979"}],"curies":[{"name":"wp","href":"https:\/\/api.w.org\/{rel}","templated":true}]}}