{"id":13382,"date":"2012-10-06T18:33:42","date_gmt":"2012-10-06T15:33:42","guid":{"rendered":"https:\/\/westbalt.ee\/?post_type=product&#038;p=13382"},"modified":"2026-03-21T19:45:23","modified_gmt":"2026-03-21T16:45:23","slug":"elektrienergia-tarbivuse-m-tja-230-v-16-a-perel","status":"publish","type":"product","link":"https:\/\/westbalt.ee\/?product=elektrienergia-tarbivuse-m-tja-230-v-16-a-perel","title":{"rendered":"Elektrienergia tarbivuse m\u00f5\u00f5tja 230 V &#8211; 16 A &#8211; PEREL"},"content":{"rendered":"<li>t\u00f6\u00f6pinge: 230VAC \/ 50Hz<\/li>\n<li>pinge m\u00f5\u00f5tmine: 190 ~ 250VAC (\u00b1 3%)<\/li>\n<li>voolu m\u00f5\u00f5tmine: 0.01 ~ 16A<\/li>\n<li>t\u00e4psus: \u00b1 1% (@ resistiivsele koormusele)<\/li>\n<li>kella t\u00e4psus: \u00b1 1 minut\/kuu<\/li>\n<li>maks. v\u00f5imsus: 3600W \/ 16A<\/li>\n<li>sagedus: 45 ~ 65Hz<\/li>\n<li>akumuleeritav v\u00f5imsuse n\u00e4it: 0 ~ 9999.9 kWh<\/li>\n<li>t\u00f6\u00f6temperatuur: 10\u00b0C ~ 40\u00b0C<\/li>\n<li>energia ekraan: 0 ~ 999.9kWh<\/li>\n<li>maks. salvestusaeg: 9999h<\/li>\n<li>varutoide: 3 x LR44 (incl.)<\/li>\n<li>patarei t\u00f6\u00f6iga: \u00b1 3 months without AC power<\/li>\n<li>v\u00f5imsustarve @ 220V: < 0.3W<\/li>\n","protected":false},"excerpt":{"rendered":"<p>\u2022 Parim energiatarbivuse m\u00f5\u00f5tja! Arvutab \u00f5igesti ka mitteresistiivsete koormuste korral !<br \/>\n\u2022 elektrienergia tarbivuse m\u00f5\u00f5tja ( 2 tariifi )<br \/>\n\u2022 suur LCD ekraan<br \/>\n\u2022 8 erinevat ekraani pilti elektriparameetrite kuvamiseks<br \/>\n\u2022 kuvatavad v\u00e4\u00e4rtused: vool, reaalv\u00f5imsus, v\u00f5imsusfaktor, liini v\u00f5imsus, liini pinge, sagedus, kogumaksumus, ON -aegm\u00e4lu puhastuse ja nullimise funktsioon<br \/>\n\u2022 ohutus sisend\/v\u00e4ljundpesad<\/p>\n","protected":false},"featured_media":13383,"comment_status":"open","ping_status":"open","template":"","meta":{"_acf_changed":false,"_monsterinsights_skip_tracking":false,"_monsterinsights_sitenote_active":false,"_monsterinsights_sitenote_note":"","_monsterinsights_sitenote_category":0},"pwb-brand":[2410],"product_brand":[],"product_cat":[301],"product_tag":[],"class_list":{"0":"post-13382","1":"product","2":"type-product","3":"status-publish","4":"has-post-thumbnail","6":"pwb-brand-velleman","7":"product_cat-spets-m-teriistad","9":"first","10":"outofstock","11":"taxable","12":"shipping-taxable","13":"purchasable","14":"product-type-simple"},"acf":[],"aioseo_notices":[],"jetpack_sharing_enabled":true,"brands":[{"id":2410,"name":"VELLEMAN","slug":"velleman"}],"_links":{"self":[{"href":"https:\/\/westbalt.ee\/index.php?rest_route=\/wp\/v2\/product\/13382","targetHints":{"allow":["GET"]}}],"collection":[{"href":"https:\/\/westbalt.ee\/index.php?rest_route=\/wp\/v2\/product"}],"about":[{"href":"https:\/\/westbalt.ee\/index.php?rest_route=\/wp\/v2\/types\/product"}],"replies":[{"embeddable":true,"href":"https:\/\/westbalt.ee\/index.php?rest_route=%2Fwp%2Fv2%2Fcomments&post=13382"}],"wp:featuredmedia":[{"embeddable":true,"href":"https:\/\/westbalt.ee\/index.php?rest_route=\/wp\/v2\/media\/13383"}],"wp:attachment":[{"href":"https:\/\/westbalt.ee\/index.php?rest_route=%2Fwp%2Fv2%2Fmedia&parent=13382"}],"wp:term":[{"taxonomy":"pwb-brand","embeddable":true,"href":"https:\/\/westbalt.ee\/index.php?rest_route=%2Fwp%2Fv2%2Fpwb-brand&post=13382"},{"taxonomy":"product_brand","embeddable":true,"href":"https:\/\/westbalt.ee\/index.php?rest_route=%2Fwp%2Fv2%2Fproduct_brand&post=13382"},{"taxonomy":"product_cat","embeddable":true,"href":"https:\/\/westbalt.ee\/index.php?rest_route=%2Fwp%2Fv2%2Fproduct_cat&post=13382"},{"taxonomy":"product_tag","embeddable":true,"href":"https:\/\/westbalt.ee\/index.php?rest_route=%2Fwp%2Fv2%2Fproduct_tag&post=13382"}],"curies":[{"name":"wp","href":"https:\/\/api.w.org\/{rel}","templated":true}]}}