{"id":13683,"date":"2012-10-08T08:01:12","date_gmt":"2012-10-08T05:01:12","guid":{"rendered":"https:\/\/westbalt.ee\/?post_type=product&#038;p=13683"},"modified":"2026-03-31T15:16:39","modified_gmt":"2026-03-31T12:16:39","slug":"digital-timer-weekly-programmable","status":"publish","type":"product","link":"https:\/\/westbalt.ee\/?product=digital-timer-weekly-programmable","title":{"rendered":"Progr.kell n\u00e4dalataimer DIN-liistule digitaalne"},"content":{"rendered":"<p>Releev\u00e4ljundite arv:\t1 tk NC \/ NO<br \/>\nToide:\t230 V AC,<br \/>\nVarutoide akult : \u2265 360 h<br \/>\nRelee maksimaalne koormus:\t16 A (max) \/ 250 V AC (max)<br \/>\nMinimaalne ajavahemik:\t60 s<br \/>\nP\u00f5hiomadused: Igan\u00e4dalane v\u00f5i igap\u00e4evane t\u00f6\u00f6graafik<br \/>\nKorratavasse programmi on v\u00f5imalik programmeerida kuni 16 ON \/ OFF t\u00f6\u00f6ts\u00fcklit<br \/>\nLCD-ekraan<br \/>\nKinnitus:\tDIN TS-35-liist<br \/>\nT\u00f6\u00f6temperatuur:\t-10 \u00b0C &#8230; 55 \u00b0C<br \/>\nKaal:\t0.12 kg<br \/>\nM\u00f5\u00f5tmed:\t89  x 65  x 36 mm<\/p>\n","protected":false},"excerpt":{"rendered":"<p>GB-104 abil saab seadmete toite sisse l\u00fclitada programmeeritud ajal. Seade v\u00f5ib t\u00f6\u00f6tada nii igap\u00e4evase kui igan\u00e4dalase graafiku alusel. Korratavasse programmi on v\u00f5imalik programmeerida kuni 16 ON \/ OFF t\u00f6\u00f6ts\u00fcklit.<\/p>\n","protected":false},"featured_media":37312,"comment_status":"open","ping_status":"closed","template":"","meta":{"_acf_changed":false,"_monsterinsights_skip_tracking":false,"_monsterinsights_sitenote_active":false,"_monsterinsights_sitenote_note":"","_monsterinsights_sitenote_category":0},"pwb-brand":[],"product_brand":[],"product_cat":[180],"product_tag":[],"class_list":{"0":"post-13683","1":"product","2":"type-product","3":"status-publish","4":"has-post-thumbnail","6":"product_cat-taimerid","8":"first","9":"instock","10":"taxable","11":"shipping-taxable","12":"purchasable","13":"product-type-simple"},"acf":[],"aioseo_notices":[],"jetpack_sharing_enabled":true,"brands":[],"_links":{"self":[{"href":"https:\/\/westbalt.ee\/index.php?rest_route=\/wp\/v2\/product\/13683","targetHints":{"allow":["GET"]}}],"collection":[{"href":"https:\/\/westbalt.ee\/index.php?rest_route=\/wp\/v2\/product"}],"about":[{"href":"https:\/\/westbalt.ee\/index.php?rest_route=\/wp\/v2\/types\/product"}],"replies":[{"embeddable":true,"href":"https:\/\/westbalt.ee\/index.php?rest_route=%2Fwp%2Fv2%2Fcomments&post=13683"}],"wp:featuredmedia":[{"embeddable":true,"href":"https:\/\/westbalt.ee\/index.php?rest_route=\/wp\/v2\/media\/37312"}],"wp:attachment":[{"href":"https:\/\/westbalt.ee\/index.php?rest_route=%2Fwp%2Fv2%2Fmedia&parent=13683"}],"wp:term":[{"taxonomy":"pwb-brand","embeddable":true,"href":"https:\/\/westbalt.ee\/index.php?rest_route=%2Fwp%2Fv2%2Fpwb-brand&post=13683"},{"taxonomy":"product_brand","embeddable":true,"href":"https:\/\/westbalt.ee\/index.php?rest_route=%2Fwp%2Fv2%2Fproduct_brand&post=13683"},{"taxonomy":"product_cat","embeddable":true,"href":"https:\/\/westbalt.ee\/index.php?rest_route=%2Fwp%2Fv2%2Fproduct_cat&post=13683"},{"taxonomy":"product_tag","embeddable":true,"href":"https:\/\/westbalt.ee\/index.php?rest_route=%2Fwp%2Fv2%2Fproduct_tag&post=13683"}],"curies":[{"name":"wp","href":"https:\/\/api.w.org\/{rel}","templated":true}]}}