{"id":13775,"date":"2012-10-08T09:03:52","date_gmt":"2012-10-08T06:03:52","guid":{"rendered":"https:\/\/westbalt.ee\/?post_type=product&#038;p=13775"},"modified":"2026-03-21T19:43:41","modified_gmt":"2026-03-21T16:43:41","slug":"precision-screwdriver-set-32-pcs","status":"publish","type":"product","link":"https:\/\/westbalt.ee\/?product=precision-screwdriver-set-32-pcs","title":{"rendered":"Kruvikeerajate komplekt &#8211; 32 tk"},"content":{"rendered":"<p>joonis:<br \/>\n(1) p\u00f6\u00f6rlev pea<br \/>\n(2) pehme k\u00e4epide<br \/>\n(3) soon<br \/>\n(4) kinnitus: otsikute lukustus<br \/>\n(5) kuumkarastatud , teras-kroom sulam<\/p>\n","protected":false},"excerpt":{"rendered":"<p>\u2022 p\u00f6\u00f6rleva otsiuga k\u00e4epide<br \/>\n\u2022 ideaalsed t\u00f6\u00f6riistad elektroonika parandajle<br \/>\n\u2022 sisaldab:<br \/>\n1 x k\u00e4epide: 113 x 20mm1 x laba: 115 x 7mm30 otsikut(25mm):<br \/>\nlapik(mm): 1, 1.5, 2, 2.5, 3, 3.5, 4PH (mm): PH000, PH00, PH0, PH1PZ (mm): PZ0, PZ1t\u00e4ht (mm): T4, T5, T6, T7, T8, T9, T10, T15, T206-kant(mm): 0.7, 0.9, 1.3, 1.5, 2.0, 2.5, 3.0, 4.0<\/p>\n","protected":false},"featured_media":27114,"comment_status":"open","ping_status":"closed","template":"","meta":{"_acf_changed":false,"_monsterinsights_skip_tracking":false,"_monsterinsights_sitenote_active":false,"_monsterinsights_sitenote_note":"","_monsterinsights_sitenote_category":0},"pwb-brand":[2410],"product_brand":[],"product_cat":[307],"product_tag":[],"class_list":{"0":"post-13775","1":"product","2":"type-product","3":"status-publish","4":"has-post-thumbnail","6":"pwb-brand-velleman","7":"product_cat-electrooniku-tooriistad","9":"first","10":"onbackorder","11":"taxable","12":"shipping-taxable","13":"purchasable","14":"product-type-simple"},"acf":[],"aioseo_notices":[],"jetpack_sharing_enabled":true,"brands":[{"id":2410,"name":"VELLEMAN","slug":"velleman"}],"_links":{"self":[{"href":"https:\/\/westbalt.ee\/index.php?rest_route=\/wp\/v2\/product\/13775","targetHints":{"allow":["GET"]}}],"collection":[{"href":"https:\/\/westbalt.ee\/index.php?rest_route=\/wp\/v2\/product"}],"about":[{"href":"https:\/\/westbalt.ee\/index.php?rest_route=\/wp\/v2\/types\/product"}],"replies":[{"embeddable":true,"href":"https:\/\/westbalt.ee\/index.php?rest_route=%2Fwp%2Fv2%2Fcomments&post=13775"}],"wp:featuredmedia":[{"embeddable":true,"href":"https:\/\/westbalt.ee\/index.php?rest_route=\/wp\/v2\/media\/27114"}],"wp:attachment":[{"href":"https:\/\/westbalt.ee\/index.php?rest_route=%2Fwp%2Fv2%2Fmedia&parent=13775"}],"wp:term":[{"taxonomy":"pwb-brand","embeddable":true,"href":"https:\/\/westbalt.ee\/index.php?rest_route=%2Fwp%2Fv2%2Fpwb-brand&post=13775"},{"taxonomy":"product_brand","embeddable":true,"href":"https:\/\/westbalt.ee\/index.php?rest_route=%2Fwp%2Fv2%2Fproduct_brand&post=13775"},{"taxonomy":"product_cat","embeddable":true,"href":"https:\/\/westbalt.ee\/index.php?rest_route=%2Fwp%2Fv2%2Fproduct_cat&post=13775"},{"taxonomy":"product_tag","embeddable":true,"href":"https:\/\/westbalt.ee\/index.php?rest_route=%2Fwp%2Fv2%2Fproduct_tag&post=13775"}],"curies":[{"name":"wp","href":"https:\/\/api.w.org\/{rel}","templated":true}]}}