{"id":14071,"date":"2012-10-08T10:17:32","date_gmt":"2012-10-08T07:17:32","guid":{"rendered":"https:\/\/westbalt.ee\/?post_type=product&#038;p=14071"},"modified":"2026-03-21T19:48:35","modified_gmt":"2026-03-21T16:48:35","slug":"raudkloriid-fecl3-1000ml","status":"publish","type":"product","link":"https:\/\/westbalt.ee\/?product=raudkloriid-fecl3-1000ml","title":{"rendered":"Raudkloriid FeCl3 4000ml"},"content":{"rendered":"","protected":false},"excerpt":{"rendered":"<p>VALMIS S\u00d6\u00d6VITUSLAHUS.<br \/>\nTr\u00fckkplaatide s\u00f6\u00f6vitamiseks, samuti s\u00f6\u00f6vitab enamikku metalle nagu: vask, nikkel, tina, plii jne. Protseduuri on v\u00f5imalik kiirendada kuumutades ja segades. Lahust v\u00f5ib kasutada korduvalt.<\/p>\n","protected":false},"featured_media":35421,"comment_status":"open","ping_status":"closed","template":"","meta":{"_acf_changed":false,"_monsterinsights_skip_tracking":false,"_monsterinsights_sitenote_active":false,"_monsterinsights_sitenote_note":"","_monsterinsights_sitenote_category":0},"pwb-brand":[],"product_brand":[],"product_cat":[348],"product_tag":[],"class_list":{"0":"post-14071","1":"product","2":"type-product","3":"status-publish","4":"has-post-thumbnail","6":"product_cat-trukkplaatide-tootmismaterjalid","8":"first","9":"outofstock","10":"taxable","11":"shipping-taxable","12":"purchasable","13":"product-type-simple"},"acf":[],"aioseo_notices":[],"jetpack_sharing_enabled":true,"brands":[],"_links":{"self":[{"href":"https:\/\/westbalt.ee\/index.php?rest_route=\/wp\/v2\/product\/14071","targetHints":{"allow":["GET"]}}],"collection":[{"href":"https:\/\/westbalt.ee\/index.php?rest_route=\/wp\/v2\/product"}],"about":[{"href":"https:\/\/westbalt.ee\/index.php?rest_route=\/wp\/v2\/types\/product"}],"replies":[{"embeddable":true,"href":"https:\/\/westbalt.ee\/index.php?rest_route=%2Fwp%2Fv2%2Fcomments&post=14071"}],"wp:featuredmedia":[{"embeddable":true,"href":"https:\/\/westbalt.ee\/index.php?rest_route=\/wp\/v2\/media\/35421"}],"wp:attachment":[{"href":"https:\/\/westbalt.ee\/index.php?rest_route=%2Fwp%2Fv2%2Fmedia&parent=14071"}],"wp:term":[{"taxonomy":"pwb-brand","embeddable":true,"href":"https:\/\/westbalt.ee\/index.php?rest_route=%2Fwp%2Fv2%2Fpwb-brand&post=14071"},{"taxonomy":"product_brand","embeddable":true,"href":"https:\/\/westbalt.ee\/index.php?rest_route=%2Fwp%2Fv2%2Fproduct_brand&post=14071"},{"taxonomy":"product_cat","embeddable":true,"href":"https:\/\/westbalt.ee\/index.php?rest_route=%2Fwp%2Fv2%2Fproduct_cat&post=14071"},{"taxonomy":"product_tag","embeddable":true,"href":"https:\/\/westbalt.ee\/index.php?rest_route=%2Fwp%2Fv2%2Fproduct_tag&post=14071"}],"curies":[{"name":"wp","href":"https:\/\/api.w.org\/{rel}","templated":true}]}}