{"id":15269,"date":"2012-10-08T19:22:25","date_gmt":"2012-10-08T16:22:25","guid":{"rendered":"https:\/\/westbalt.ee\/?post_type=product&#038;p=15269"},"modified":"2026-03-21T19:52:54","modified_gmt":"2026-03-21T16:52:54","slug":"adapter-3-12vdc-0-6a-6-pistikut-3-usb","status":"publish","type":"product","link":"https:\/\/westbalt.ee\/?product=adapter-3-12vdc-0-6a-6-pistikut-3-usb","title":{"rendered":"Adapter 3-12VDC 0,6A + 6 pistikut + 3 USB"},"content":{"rendered":"<p>&#8211;<\/p>\n","protected":false},"excerpt":{"rendered":"<p>Sisendpinge: VV 100-240V ~ 60\/50Hz<br \/>\nV\u00e4ljundpinge: 3.0\/4.5\/5.0\/6.0\/7.5\/9.0\/12V DC<br \/>\nVool: 600mA (max)<br \/>\nPistikud: Jack 2,5 mm; Jack 3,5 mm; 3,5 x 1,35 mm; 5 x 2,1 mm; 5,5 x 1,5 mm, 5,5 x 2,5 mm<br \/>\nUSB \u00fchendused: t\u00fc\u00fcp A; mini USB, micro USB<\/p>\n","protected":false},"featured_media":15270,"comment_status":"open","ping_status":"open","template":"","meta":{"_acf_changed":false,"_monsterinsights_skip_tracking":false,"_monsterinsights_sitenote_active":false,"_monsterinsights_sitenote_note":"","_monsterinsights_sitenote_category":0},"pwb-brand":[],"product_brand":[],"product_cat":[319],"product_tag":[],"class_list":{"0":"post-15269","1":"product","2":"type-product","3":"status-publish","4":"has-post-thumbnail","6":"product_cat-toiteadapterid","7":"pa_m-dud-69-x-39-x-31-mm","9":"first","10":"outofstock","11":"taxable","12":"shipping-taxable","13":"purchasable","14":"product-type-simple"},"acf":[],"aioseo_notices":[],"jetpack_sharing_enabled":true,"brands":[],"_links":{"self":[{"href":"https:\/\/westbalt.ee\/index.php?rest_route=\/wp\/v2\/product\/15269","targetHints":{"allow":["GET"]}}],"collection":[{"href":"https:\/\/westbalt.ee\/index.php?rest_route=\/wp\/v2\/product"}],"about":[{"href":"https:\/\/westbalt.ee\/index.php?rest_route=\/wp\/v2\/types\/product"}],"replies":[{"embeddable":true,"href":"https:\/\/westbalt.ee\/index.php?rest_route=%2Fwp%2Fv2%2Fcomments&post=15269"}],"wp:featuredmedia":[{"embeddable":true,"href":"https:\/\/westbalt.ee\/index.php?rest_route=\/wp\/v2\/media\/15270"}],"wp:attachment":[{"href":"https:\/\/westbalt.ee\/index.php?rest_route=%2Fwp%2Fv2%2Fmedia&parent=15269"}],"wp:term":[{"taxonomy":"pwb-brand","embeddable":true,"href":"https:\/\/westbalt.ee\/index.php?rest_route=%2Fwp%2Fv2%2Fpwb-brand&post=15269"},{"taxonomy":"product_brand","embeddable":true,"href":"https:\/\/westbalt.ee\/index.php?rest_route=%2Fwp%2Fv2%2Fproduct_brand&post=15269"},{"taxonomy":"product_cat","embeddable":true,"href":"https:\/\/westbalt.ee\/index.php?rest_route=%2Fwp%2Fv2%2Fproduct_cat&post=15269"},{"taxonomy":"product_tag","embeddable":true,"href":"https:\/\/westbalt.ee\/index.php?rest_route=%2Fwp%2Fv2%2Fproduct_tag&post=15269"}],"curies":[{"name":"wp","href":"https:\/\/api.w.org\/{rel}","templated":true}]}}