{"id":15491,"date":"2012-10-08T20:43:38","date_gmt":"2012-10-08T17:43:38","guid":{"rendered":"https:\/\/westbalt.ee\/?post_type=product&#038;p=15491"},"modified":"2026-03-21T19:51:31","modified_gmt":"2026-03-21T16:51:31","slug":"faasi-kadu-jariestuse-kontrollirelee-1co-208-575vac","status":"publish","type":"product","link":"https:\/\/westbalt.ee\/?product=faasi-kadu-jariestuse-kontrollirelee-1co-208-575vac","title":{"rendered":"Faasi kadu\/j\u00e4riestuse kontrollirelee 1CO 208-575VAC"},"content":{"rendered":"<p>&#8211;<\/p>\n","protected":false},"excerpt":{"rendered":"<p>\u25cf Kolmefaasiline s\u00fcsteem ilma neutraaita<br \/>\n\u25cf 1 relee v\u00e4ljund 1 \u00fcmberl\u00fclituskontakt, 8A \/ 250VAC<br \/>\n\u25cf Faasi pinge kadu <70%, automaatne nullimine 0.5s\n\u25cf Kontrollitav faasij\u00e4rjestus\n<\/p>\n","protected":false},"featured_media":15492,"comment_status":"open","ping_status":"open","template":"","meta":{"_acf_changed":false,"_monsterinsights_skip_tracking":false,"_monsterinsights_sitenote_active":false,"_monsterinsights_sitenote_note":"","_monsterinsights_sitenote_category":0},"pwb-brand":[2449],"product_brand":[],"product_cat":[180],"product_tag":[],"class_list":{"0":"post-15491","1":"product","2":"type-product","3":"status-publish","4":"has-post-thumbnail","6":"pwb-brand-lovato","7":"product_cat-taimerid","9":"first","10":"outofstock","11":"taxable","12":"shipping-taxable","13":"purchasable","14":"product-type-simple"},"acf":[],"aioseo_notices":[],"jetpack_sharing_enabled":true,"brands":[{"id":2449,"name":"LOVATO","slug":"lovato"}],"_links":{"self":[{"href":"https:\/\/westbalt.ee\/index.php?rest_route=\/wp\/v2\/product\/15491","targetHints":{"allow":["GET"]}}],"collection":[{"href":"https:\/\/westbalt.ee\/index.php?rest_route=\/wp\/v2\/product"}],"about":[{"href":"https:\/\/westbalt.ee\/index.php?rest_route=\/wp\/v2\/types\/product"}],"replies":[{"embeddable":true,"href":"https:\/\/westbalt.ee\/index.php?rest_route=%2Fwp%2Fv2%2Fcomments&post=15491"}],"wp:featuredmedia":[{"embeddable":true,"href":"https:\/\/westbalt.ee\/index.php?rest_route=\/wp\/v2\/media\/15492"}],"wp:attachment":[{"href":"https:\/\/westbalt.ee\/index.php?rest_route=%2Fwp%2Fv2%2Fmedia&parent=15491"}],"wp:term":[{"taxonomy":"pwb-brand","embeddable":true,"href":"https:\/\/westbalt.ee\/index.php?rest_route=%2Fwp%2Fv2%2Fpwb-brand&post=15491"},{"taxonomy":"product_brand","embeddable":true,"href":"https:\/\/westbalt.ee\/index.php?rest_route=%2Fwp%2Fv2%2Fproduct_brand&post=15491"},{"taxonomy":"product_cat","embeddable":true,"href":"https:\/\/westbalt.ee\/index.php?rest_route=%2Fwp%2Fv2%2Fproduct_cat&post=15491"},{"taxonomy":"product_tag","embeddable":true,"href":"https:\/\/westbalt.ee\/index.php?rest_route=%2Fwp%2Fv2%2Fproduct_tag&post=15491"}],"curies":[{"name":"wp","href":"https:\/\/api.w.org\/{rel}","templated":true}]}}