{"id":15551,"date":"2012-10-08T21:04:40","date_gmt":"2012-10-08T18:04:40","guid":{"rendered":"https:\/\/westbalt.ee\/?post_type=product&#038;p=15551"},"modified":"2026-03-21T19:53:05","modified_gmt":"2026-03-21T16:53:05","slug":"temperature-controller-dtb4824rr-100-230vac-48x24mm","status":"publish","type":"product","link":"https:\/\/westbalt.ee\/?product=temperature-controller-dtb4824rr-100-230vac-48x24mm","title":{"rendered":"Temperatuuri regulaator TF31-14H; NTC,RTD; SPDT; -99&#8230;99\u00b0C; 100&#8230;240V AC"},"content":{"rendered":"<p>&#8211;<\/p>\n","protected":false},"excerpt":{"rendered":"<p>\u2022 Temperatuurianduri t\u00fc\u00fcp\tNTC, TTA<br \/>\n\u2022 V\u00e4ljundi t\u00fc\u00fcp: 1 x SPDT<br \/>\n\u2022 Paigaldamine paneelile<br \/>\n\u2022 V\u00e4ljundi elektrilised parameetrid: 24V DC \/ 16A,  250V AC \/ 16A<br \/>\n\u2022 Kontrollitud temperatuuri vahemik\t-99&#8230;99\u00b0C,  oleneb temperatuuriandurist<br \/>\n\u2022 T\u00f6\u00f6temperatuur\t-10&#8230;50\u00b0C<br \/>\n\u2022 Paigaldusava l\u00e4bim\u00f5\u00f5t\t28,2&#215;70,3 mm<br \/>\n\u2022 IP reiting\tIP65<br \/>\n\u2022 Kuvari t\u00fc\u00fcp:\t3-kohaline LED<br \/>\n\u2022 Toitepinge 100 &#8230; 240V AC<\/p>\n","protected":false},"featured_media":26672,"comment_status":"open","ping_status":"closed","template":"","meta":{"_acf_changed":false,"_monsterinsights_skip_tracking":false,"_monsterinsights_sitenote_active":false,"_monsterinsights_sitenote_note":"","_monsterinsights_sitenote_category":0},"pwb-brand":[],"product_brand":[],"product_cat":[153],"product_tag":[],"class_list":{"0":"post-15551","1":"product","2":"type-product","3":"status-publish","4":"has-post-thumbnail","6":"product_cat-termostaadid","8":"first","9":"onbackorder","10":"taxable","11":"shipping-taxable","12":"purchasable","13":"product-type-simple"},"acf":[],"aioseo_notices":[],"jetpack_sharing_enabled":true,"brands":[],"_links":{"self":[{"href":"https:\/\/westbalt.ee\/index.php?rest_route=\/wp\/v2\/product\/15551","targetHints":{"allow":["GET"]}}],"collection":[{"href":"https:\/\/westbalt.ee\/index.php?rest_route=\/wp\/v2\/product"}],"about":[{"href":"https:\/\/westbalt.ee\/index.php?rest_route=\/wp\/v2\/types\/product"}],"replies":[{"embeddable":true,"href":"https:\/\/westbalt.ee\/index.php?rest_route=%2Fwp%2Fv2%2Fcomments&post=15551"}],"wp:featuredmedia":[{"embeddable":true,"href":"https:\/\/westbalt.ee\/index.php?rest_route=\/wp\/v2\/media\/26672"}],"wp:attachment":[{"href":"https:\/\/westbalt.ee\/index.php?rest_route=%2Fwp%2Fv2%2Fmedia&parent=15551"}],"wp:term":[{"taxonomy":"pwb-brand","embeddable":true,"href":"https:\/\/westbalt.ee\/index.php?rest_route=%2Fwp%2Fv2%2Fpwb-brand&post=15551"},{"taxonomy":"product_brand","embeddable":true,"href":"https:\/\/westbalt.ee\/index.php?rest_route=%2Fwp%2Fv2%2Fproduct_brand&post=15551"},{"taxonomy":"product_cat","embeddable":true,"href":"https:\/\/westbalt.ee\/index.php?rest_route=%2Fwp%2Fv2%2Fproduct_cat&post=15551"},{"taxonomy":"product_tag","embeddable":true,"href":"https:\/\/westbalt.ee\/index.php?rest_route=%2Fwp%2Fv2%2Fproduct_tag&post=15551"}],"curies":[{"name":"wp","href":"https:\/\/api.w.org\/{rel}","templated":true}]}}