{"id":17065,"date":"2013-11-16T23:03:13","date_gmt":"2013-11-16T20:03:13","guid":{"rendered":"https:\/\/westbalt.ee\/?post_type=product&#038;p=17065"},"modified":"2026-03-21T19:47:48","modified_gmt":"2026-03-21T16:47:48","slug":"kaugjuhitavad-lulitid-3-vastuv-tjat-rcs-1000-n-comfort","status":"publish","type":"product","link":"https:\/\/westbalt.ee\/?product=kaugjuhitavad-lulitid-3-vastuv-tjat-rcs-1000-n-comfort","title":{"rendered":"Kaugjuhitavad l\u00fclitid &#8211; 3 vastuv\u00f5tjat &#8211; RC CE1 3001"},"content":{"rendered":"<p>&#8211;<\/p>\n","protected":false},"excerpt":{"rendered":"<p>erinevat t\u00fc\u00fcpi tarbijate l\u00fclitamiseks<br \/>\nsaatja t\u00f6\u00f6tab koos 3 vastuv\u00f5tjaga (komplektis.)<br \/>\nmikroskeemil p\u00f5hinev k\u00f5rgsageduslik kodeerimiss\u00fcsteem<br \/>\nv\u00e4ike voolutarve<br \/>\ninterferentsikindel<br \/>\nstabiilne ja h\u00e4irekindel  t\u00f6\u00f6<br \/>\npeale toite kadumist j\u00e4\u00e4b seade v\u00e4ljal\u00fclitatud olekusse<br \/>\nei vaja eraldi paigaldamist, \u00fchendatakse vooluv\u00f5rgu stepslisse<br \/>\nmaks. 1000W<br \/>\nsaatja toide: 1 x 12V patarei GP23GAC (komplektis.)<br \/>\n230VAC\/50Hz<br \/>\nulatus: max. \u00b1 25m<br \/>\n\u00fclekandesagedus: 433.92MHz<br \/>\nCE, R&#038;TTE, GS vastavus<\/p>\n","protected":false},"featured_media":28045,"comment_status":"open","ping_status":"closed","template":"","meta":{"_acf_changed":false,"_monsterinsights_skip_tracking":false,"_monsterinsights_sitenote_active":false,"_monsterinsights_sitenote_note":"","_monsterinsights_sitenote_category":0},"pwb-brand":[2448],"product_brand":[],"product_cat":[334],"product_tag":[],"class_list":{"0":"post-17065","1":"product","2":"type-product","3":"status-publish","4":"has-post-thumbnail","6":"pwb-brand-brennenstuhl","7":"product_cat-muud-seadmed","8":"pa_varv-valge","10":"first","11":"onbackorder","12":"taxable","13":"shipping-taxable","14":"purchasable","15":"product-type-simple"},"acf":[],"aioseo_notices":[],"jetpack_sharing_enabled":true,"brands":[{"id":2448,"name":"BRENNENSTUHL","slug":"brennenstuhl"}],"_links":{"self":[{"href":"https:\/\/westbalt.ee\/index.php?rest_route=\/wp\/v2\/product\/17065","targetHints":{"allow":["GET"]}}],"collection":[{"href":"https:\/\/westbalt.ee\/index.php?rest_route=\/wp\/v2\/product"}],"about":[{"href":"https:\/\/westbalt.ee\/index.php?rest_route=\/wp\/v2\/types\/product"}],"replies":[{"embeddable":true,"href":"https:\/\/westbalt.ee\/index.php?rest_route=%2Fwp%2Fv2%2Fcomments&post=17065"}],"wp:featuredmedia":[{"embeddable":true,"href":"https:\/\/westbalt.ee\/index.php?rest_route=\/wp\/v2\/media\/28045"}],"wp:attachment":[{"href":"https:\/\/westbalt.ee\/index.php?rest_route=%2Fwp%2Fv2%2Fmedia&parent=17065"}],"wp:term":[{"taxonomy":"pwb-brand","embeddable":true,"href":"https:\/\/westbalt.ee\/index.php?rest_route=%2Fwp%2Fv2%2Fpwb-brand&post=17065"},{"taxonomy":"product_brand","embeddable":true,"href":"https:\/\/westbalt.ee\/index.php?rest_route=%2Fwp%2Fv2%2Fproduct_brand&post=17065"},{"taxonomy":"product_cat","embeddable":true,"href":"https:\/\/westbalt.ee\/index.php?rest_route=%2Fwp%2Fv2%2Fproduct_cat&post=17065"},{"taxonomy":"product_tag","embeddable":true,"href":"https:\/\/westbalt.ee\/index.php?rest_route=%2Fwp%2Fv2%2Fproduct_tag&post=17065"}],"curies":[{"name":"wp","href":"https:\/\/api.w.org\/{rel}","templated":true}]}}