{"id":17179,"date":"2013-12-12T21:20:39","date_gmt":"2013-12-12T18:20:39","guid":{"rendered":"https:\/\/westbalt.ee\/?post_type=product&#038;p=17179"},"modified":"2026-03-21T19:42:46","modified_gmt":"2026-03-21T16:42:46","slug":"liikumisandur-bemko-ses71wh-1200w-12m-ip20-mikrolaine","status":"publish","type":"product","link":"https:\/\/westbalt.ee\/?product=liikumisandur-bemko-ses71wh-1200w-12m-ip20-mikrolaine","title":{"rendered":"Radarsensor \/ Mikrolaine liikumisandur 1200W; 15m; IP20"},"content":{"rendered":"","protected":false},"excerpt":{"rendered":"<p>Toide: 230V\/50Hz<br \/>\nAvastamise piirkond: 360 \u00b0<br \/>\nMax koormus: 1200W (h\u00f5\u00f5glambid), 300W (s\u00e4\u00e4stupirnid)<br \/>\nTuvastusulatus: 2-15m (&lt;22 \u00b0 C)<br \/>\nT\u00f6\u00f6sagedus: 5,8 GHz<br \/>\nAeg: 10 sek \u00b1 3sec \u00f7 12min \u00b1 1 min<br \/>\nValgusandur: 3-2000Lux<br \/>\nSoovitatav paigaldusk\u00f5rgus: 1.5m ~ 3.5m<br \/>\nObjekti liikumise kiirus: 0,6 ~ 1,5 m \/ s<br \/>\nEnergiatarve: 0.9W<\/p>\n","protected":false},"featured_media":24997,"comment_status":"open","ping_status":"closed","template":"","meta":{"_acf_changed":false,"_monsterinsights_skip_tracking":false,"_monsterinsights_sitenote_active":false,"_monsterinsights_sitenote_note":"","_monsterinsights_sitenote_category":0},"pwb-brand":[2437],"product_brand":[],"product_cat":[325],"product_tag":[],"class_list":{"0":"post-17179","1":"product","2":"type-product","3":"status-publish","4":"has-post-thumbnail","6":"pwb-brand-emos","7":"product_cat-valveseadmed-2","9":"first","10":"instock","11":"taxable","12":"shipping-taxable","13":"purchasable","14":"product-type-simple"},"acf":[],"aioseo_notices":[],"jetpack_sharing_enabled":true,"brands":[{"id":2437,"name":"EMOS","slug":"emos"}],"_links":{"self":[{"href":"https:\/\/westbalt.ee\/index.php?rest_route=\/wp\/v2\/product\/17179","targetHints":{"allow":["GET"]}}],"collection":[{"href":"https:\/\/westbalt.ee\/index.php?rest_route=\/wp\/v2\/product"}],"about":[{"href":"https:\/\/westbalt.ee\/index.php?rest_route=\/wp\/v2\/types\/product"}],"replies":[{"embeddable":true,"href":"https:\/\/westbalt.ee\/index.php?rest_route=%2Fwp%2Fv2%2Fcomments&post=17179"}],"wp:featuredmedia":[{"embeddable":true,"href":"https:\/\/westbalt.ee\/index.php?rest_route=\/wp\/v2\/media\/24997"}],"wp:attachment":[{"href":"https:\/\/westbalt.ee\/index.php?rest_route=%2Fwp%2Fv2%2Fmedia&parent=17179"}],"wp:term":[{"taxonomy":"pwb-brand","embeddable":true,"href":"https:\/\/westbalt.ee\/index.php?rest_route=%2Fwp%2Fv2%2Fpwb-brand&post=17179"},{"taxonomy":"product_brand","embeddable":true,"href":"https:\/\/westbalt.ee\/index.php?rest_route=%2Fwp%2Fv2%2Fproduct_brand&post=17179"},{"taxonomy":"product_cat","embeddable":true,"href":"https:\/\/westbalt.ee\/index.php?rest_route=%2Fwp%2Fv2%2Fproduct_cat&post=17179"},{"taxonomy":"product_tag","embeddable":true,"href":"https:\/\/westbalt.ee\/index.php?rest_route=%2Fwp%2Fv2%2Fproduct_tag&post=17179"}],"curies":[{"name":"wp","href":"https:\/\/api.w.org\/{rel}","templated":true}]}}