{"id":17708,"date":"2014-06-21T19:13:12","date_gmt":"2014-06-21T16:13:12","guid":{"rendered":"https:\/\/westbalt.ee\/?post_type=product&#038;p=17708"},"modified":"2026-03-21T19:52:22","modified_gmt":"2026-03-21T16:52:22","slug":"aktiivk-larid-defender-mercury-35-2x20w-rms-puidust","status":"publish","type":"product","link":"https:\/\/westbalt.ee\/?product=aktiivk-larid-defender-mercury-35-2x20w-rms-puidust","title":{"rendered":"Aktiivk\u00f5larid Defender MERCURY 35, 2x20W (RMS), puidust"},"content":{"rendered":"<p>&#8211;<\/p>\n","protected":false},"excerpt":{"rendered":"<p>Suurep\u00e4rase heliga, maheda bassiga akustiline s\u00fcsteem. Akustiline s\u00fcsteem sobib arvutitele, m\u00e4ngukonsoolidele, k\u00f5ikidele portatiivsetele audios\u00fcsteemidele, DVD- ja CD-m\u00e4ngijatele.<br \/>\n\u00b7 V\u00e4ljuh\u00e4\u00e4ldid: 5.25&#8243; MS + 1&#8243; KS (20W RMS)<br \/>\n\u00b7 Sagedusdiapasoon: 50-20000 Hz<br \/>\n\u00b7 Nupud: helitugevus, t\u00e4mber KS, t\u00e4mber MS<br \/>\n\u00b7 Puitkorpus.<br \/>\n\u00b7 T\u00e4nu korpuse magnetilisele varjestusele v\u00f5ite k\u00f5larid monitori k\u00f5rvale paigutada.<br \/>\n\u00b7 Integreeritud toiteadapter.<\/p>\n","protected":false},"featured_media":17709,"comment_status":"open","ping_status":"closed","template":"","meta":{"_acf_changed":false,"_monsterinsights_skip_tracking":false,"_monsterinsights_sitenote_active":false,"_monsterinsights_sitenote_note":"","_monsterinsights_sitenote_category":0},"pwb-brand":[],"product_brand":[],"product_cat":[333],"product_tag":[],"class_list":{"0":"post-17708","1":"product","2":"type-product","3":"status-publish","4":"has-post-thumbnail","6":"product_cat-arvutitarvikud","7":"pa_m-dud-173-x-200-x-360-mm","8":"pa_varv-must","10":"first","11":"outofstock","12":"taxable","13":"shipping-taxable","14":"purchasable","15":"product-type-simple"},"acf":[],"aioseo_notices":[],"jetpack_sharing_enabled":true,"brands":[],"_links":{"self":[{"href":"https:\/\/westbalt.ee\/index.php?rest_route=\/wp\/v2\/product\/17708","targetHints":{"allow":["GET"]}}],"collection":[{"href":"https:\/\/westbalt.ee\/index.php?rest_route=\/wp\/v2\/product"}],"about":[{"href":"https:\/\/westbalt.ee\/index.php?rest_route=\/wp\/v2\/types\/product"}],"replies":[{"embeddable":true,"href":"https:\/\/westbalt.ee\/index.php?rest_route=%2Fwp%2Fv2%2Fcomments&post=17708"}],"wp:featuredmedia":[{"embeddable":true,"href":"https:\/\/westbalt.ee\/index.php?rest_route=\/wp\/v2\/media\/17709"}],"wp:attachment":[{"href":"https:\/\/westbalt.ee\/index.php?rest_route=%2Fwp%2Fv2%2Fmedia&parent=17708"}],"wp:term":[{"taxonomy":"pwb-brand","embeddable":true,"href":"https:\/\/westbalt.ee\/index.php?rest_route=%2Fwp%2Fv2%2Fpwb-brand&post=17708"},{"taxonomy":"product_brand","embeddable":true,"href":"https:\/\/westbalt.ee\/index.php?rest_route=%2Fwp%2Fv2%2Fproduct_brand&post=17708"},{"taxonomy":"product_cat","embeddable":true,"href":"https:\/\/westbalt.ee\/index.php?rest_route=%2Fwp%2Fv2%2Fproduct_cat&post=17708"},{"taxonomy":"product_tag","embeddable":true,"href":"https:\/\/westbalt.ee\/index.php?rest_route=%2Fwp%2Fv2%2Fproduct_tag&post=17708"}],"curies":[{"name":"wp","href":"https:\/\/api.w.org\/{rel}","templated":true}]}}