{"id":18036,"date":"2014-12-06T22:13:17","date_gmt":"2014-12-06T19:13:17","guid":{"rendered":"https:\/\/westbalt.ee\/?post_type=product&#038;p=18036"},"modified":"2026-03-21T19:43:57","modified_gmt":"2026-03-21T16:43:57","slug":"puutetundlik-led-riba-dimmer-12v-36w-2-5a","status":"publish","type":"product","link":"https:\/\/westbalt.ee\/?product=puutetundlik-led-riba-dimmer-12v-36w-2-5a","title":{"rendered":"Puutetundlik LED-riba dimmer 12V 36W 2.5A"},"content":{"rendered":"<p>&#8211;<\/p>\n","protected":false},"excerpt":{"rendered":"<p>\u2022 Dimmeri l\u00fclitamiseks puuduta metallkorpust. L\u00fclitamine-l\u00fchike vajutus(on\/off);  dimmer &#8211; pikem hoidmine.<br \/>\n\u2022 Kasutamiseks koos 1-v\u00e4rviliste LED -ribadega.<br \/>\n\u2022 Toide: 12-24V; Maks. v\u00f5imsus: 12V &#8211; 36W, 24V &#8211; 72W<\/p>\n","protected":false},"featured_media":18037,"comment_status":"open","ping_status":"open","template":"","meta":{"_acf_changed":false,"_monsterinsights_skip_tracking":false,"_monsterinsights_sitenote_active":false,"_monsterinsights_sitenote_note":"","_monsterinsights_sitenote_category":0},"pwb-brand":[],"product_brand":[],"product_cat":[163],"product_tag":[],"class_list":{"0":"post-18036","1":"product","2":"type-product","3":"status-publish","4":"has-post-thumbnail","6":"product_cat-led-ribad-ja-moodulid","7":"pa_m-dud-l-x-w-x-h-31-x-38-x-9-mm","9":"first","10":"instock","11":"taxable","12":"shipping-taxable","13":"purchasable","14":"product-type-simple"},"acf":[],"aioseo_notices":[],"jetpack_sharing_enabled":true,"brands":[],"_links":{"self":[{"href":"https:\/\/westbalt.ee\/index.php?rest_route=\/wp\/v2\/product\/18036","targetHints":{"allow":["GET"]}}],"collection":[{"href":"https:\/\/westbalt.ee\/index.php?rest_route=\/wp\/v2\/product"}],"about":[{"href":"https:\/\/westbalt.ee\/index.php?rest_route=\/wp\/v2\/types\/product"}],"replies":[{"embeddable":true,"href":"https:\/\/westbalt.ee\/index.php?rest_route=%2Fwp%2Fv2%2Fcomments&post=18036"}],"wp:featuredmedia":[{"embeddable":true,"href":"https:\/\/westbalt.ee\/index.php?rest_route=\/wp\/v2\/media\/18037"}],"wp:attachment":[{"href":"https:\/\/westbalt.ee\/index.php?rest_route=%2Fwp%2Fv2%2Fmedia&parent=18036"}],"wp:term":[{"taxonomy":"pwb-brand","embeddable":true,"href":"https:\/\/westbalt.ee\/index.php?rest_route=%2Fwp%2Fv2%2Fpwb-brand&post=18036"},{"taxonomy":"product_brand","embeddable":true,"href":"https:\/\/westbalt.ee\/index.php?rest_route=%2Fwp%2Fv2%2Fproduct_brand&post=18036"},{"taxonomy":"product_cat","embeddable":true,"href":"https:\/\/westbalt.ee\/index.php?rest_route=%2Fwp%2Fv2%2Fproduct_cat&post=18036"},{"taxonomy":"product_tag","embeddable":true,"href":"https:\/\/westbalt.ee\/index.php?rest_route=%2Fwp%2Fv2%2Fproduct_tag&post=18036"}],"curies":[{"name":"wp","href":"https:\/\/api.w.org\/{rel}","templated":true}]}}