{"id":18605,"date":"2015-10-10T11:16:05","date_gmt":"2015-10-10T08:16:05","guid":{"rendered":"https:\/\/westbalt.ee\/?post_type=product&#038;p=18605"},"modified":"2026-03-21T19:47:44","modified_gmt":"2026-03-21T16:47:44","slug":"mp3-mahamangimise-moodul","status":"publish","type":"product","link":"https:\/\/westbalt.ee\/?product=mp3-mahamangimise-moodul","title":{"rendered":"MP3 maham\u00e4ngimise moodul"},"content":{"rendered":"<li>nupud:  &#8216;NEXT&#8217;-, &#8216;PREVIOUS&#8217;- &#8216;PLAY\/PAUSE&#8217;<\/li>\n<li>LED play\/pause indikaator<\/li>\n<li>taasesitus k\u00e4ivitub toite sissel\u00fclitamisel<\/li>\n<li>pidev ts\u00fckkel k\u00f5igi helindite taasesitusesks<\/li>\n<li>stereo liiniv\u00e4ljund<\/li>\n<li>faili formaadid: mp3 (128kb\/s, 192kb\/s, 256kb\/s, 320kb\/s )<\/li>\n<li>audio v\u00e4ljund: 500mV\/47kOhm stereo line out<\/li>\n<li>toide: 5VDC or 9&#8230;12VDC\/50mA max<\/li>\n","protected":false},"excerpt":{"rendered":"<p>Helifailide ( MP3) maham\u00e4ngimine m\u00e4lupulgalt v\u00f5i SD kaardilt. MP3 failide taasesitus, s\u00f5numi taasesituse funktsioon.<\/p>\n","protected":false},"featured_media":18606,"comment_status":"open","ping_status":"open","template":"","meta":{"_acf_changed":false,"_monsterinsights_skip_tracking":false,"_monsterinsights_sitenote_active":false,"_monsterinsights_sitenote_note":"","_monsterinsights_sitenote_category":0},"pwb-brand":[2410],"product_brand":[],"product_cat":[357],"product_tag":[],"class_list":{"0":"post-18605","1":"product","2":"type-product","3":"status-publish","4":"has-post-thumbnail","6":"pwb-brand-velleman","7":"product_cat-moodulid","8":"pa_m-dud-45x40x8mm","10":"first","11":"outofstock","12":"taxable","13":"shipping-taxable","14":"purchasable","15":"product-type-simple"},"acf":[],"aioseo_notices":[],"jetpack_sharing_enabled":true,"brands":[{"id":2410,"name":"VELLEMAN","slug":"velleman"}],"_links":{"self":[{"href":"https:\/\/westbalt.ee\/index.php?rest_route=\/wp\/v2\/product\/18605","targetHints":{"allow":["GET"]}}],"collection":[{"href":"https:\/\/westbalt.ee\/index.php?rest_route=\/wp\/v2\/product"}],"about":[{"href":"https:\/\/westbalt.ee\/index.php?rest_route=\/wp\/v2\/types\/product"}],"replies":[{"embeddable":true,"href":"https:\/\/westbalt.ee\/index.php?rest_route=%2Fwp%2Fv2%2Fcomments&post=18605"}],"wp:featuredmedia":[{"embeddable":true,"href":"https:\/\/westbalt.ee\/index.php?rest_route=\/wp\/v2\/media\/18606"}],"wp:attachment":[{"href":"https:\/\/westbalt.ee\/index.php?rest_route=%2Fwp%2Fv2%2Fmedia&parent=18605"}],"wp:term":[{"taxonomy":"pwb-brand","embeddable":true,"href":"https:\/\/westbalt.ee\/index.php?rest_route=%2Fwp%2Fv2%2Fpwb-brand&post=18605"},{"taxonomy":"product_brand","embeddable":true,"href":"https:\/\/westbalt.ee\/index.php?rest_route=%2Fwp%2Fv2%2Fproduct_brand&post=18605"},{"taxonomy":"product_cat","embeddable":true,"href":"https:\/\/westbalt.ee\/index.php?rest_route=%2Fwp%2Fv2%2Fproduct_cat&post=18605"},{"taxonomy":"product_tag","embeddable":true,"href":"https:\/\/westbalt.ee\/index.php?rest_route=%2Fwp%2Fv2%2Fproduct_tag&post=18605"}],"curies":[{"name":"wp","href":"https:\/\/api.w.org\/{rel}","templated":true}]}}