{"id":18914,"date":"2016-03-31T13:17:52","date_gmt":"2016-03-31T10:17:52","guid":{"rendered":"https:\/\/westbalt.ee\/?post_type=product&#038;p=18914"},"modified":"2026-03-21T19:43:30","modified_gmt":"2026-03-21T16:43:30","slug":"elektrooniline-ballast-t5-24w-t8-14w-18w-188217-vs","status":"publish","type":"product","link":"https:\/\/westbalt.ee\/?product=elektrooniline-ballast-t5-24w-t8-14w-18w-188217-vs","title":{"rendered":"Elektrooniline ballast T5-24W;T8-14W&#8230;18W; 188217 VS"},"content":{"rendered":"<p>&#8211;<\/p>\n","protected":false},"excerpt":{"rendered":"<p>\u2022 Soe start kompaktlampidele<br \/>\n\u2022 Kuumuskindel pol\u00fcamiid korpus<br \/>\n\u2022 Toitepinge: 198-264 V<br \/>\n\u2022 Push-in terminalid: 0,5-1,5 mm \u00b2<br \/>\n\u2022 Kaitseaste: IP20<br \/>\n\u2022 Kinnituskruvid M4<br \/>\n\u2022 Sobilik k\u00f5rge l\u00fclitussagedusega s\u00fcsteemidesse (>5\/korda p\u00e4evas)<\/p>\n","protected":false},"featured_media":18915,"comment_status":"open","ping_status":"open","template":"","meta":{"_acf_changed":false,"_monsterinsights_skip_tracking":false,"_monsterinsights_sitenote_active":false,"_monsterinsights_sitenote_note":"","_monsterinsights_sitenote_category":0},"pwb-brand":[2442],"product_brand":[],"product_cat":[162],"product_tag":[],"class_list":{"0":"post-18914","1":"product","2":"type-product","3":"status-publish","4":"has-post-thumbnail","6":"pwb-brand-vossloh-schwabe","7":"product_cat-valgustite-komponendid","8":"pa_m-dud-w-21-h-18-l-145mm","10":"first","11":"outofstock","12":"taxable","13":"shipping-taxable","14":"purchasable","15":"product-type-simple"},"acf":[],"aioseo_notices":[],"jetpack_sharing_enabled":true,"brands":[{"id":2442,"name":"VOSSLOH SCHWABE","slug":"vossloh-schwabe"}],"_links":{"self":[{"href":"https:\/\/westbalt.ee\/index.php?rest_route=\/wp\/v2\/product\/18914","targetHints":{"allow":["GET"]}}],"collection":[{"href":"https:\/\/westbalt.ee\/index.php?rest_route=\/wp\/v2\/product"}],"about":[{"href":"https:\/\/westbalt.ee\/index.php?rest_route=\/wp\/v2\/types\/product"}],"replies":[{"embeddable":true,"href":"https:\/\/westbalt.ee\/index.php?rest_route=%2Fwp%2Fv2%2Fcomments&post=18914"}],"wp:featuredmedia":[{"embeddable":true,"href":"https:\/\/westbalt.ee\/index.php?rest_route=\/wp\/v2\/media\/18915"}],"wp:attachment":[{"href":"https:\/\/westbalt.ee\/index.php?rest_route=%2Fwp%2Fv2%2Fmedia&parent=18914"}],"wp:term":[{"taxonomy":"pwb-brand","embeddable":true,"href":"https:\/\/westbalt.ee\/index.php?rest_route=%2Fwp%2Fv2%2Fpwb-brand&post=18914"},{"taxonomy":"product_brand","embeddable":true,"href":"https:\/\/westbalt.ee\/index.php?rest_route=%2Fwp%2Fv2%2Fproduct_brand&post=18914"},{"taxonomy":"product_cat","embeddable":true,"href":"https:\/\/westbalt.ee\/index.php?rest_route=%2Fwp%2Fv2%2Fproduct_cat&post=18914"},{"taxonomy":"product_tag","embeddable":true,"href":"https:\/\/westbalt.ee\/index.php?rest_route=%2Fwp%2Fv2%2Fproduct_tag&post=18914"}],"curies":[{"name":"wp","href":"https:\/\/api.w.org\/{rel}","templated":true}]}}