{"id":19440,"date":"2016-09-05T17:38:35","date_gmt":"2016-09-05T14:38:35","guid":{"rendered":"https:\/\/westbalt.ee\/?post_type=product&#038;p=19440"},"modified":"2026-03-21T19:48:55","modified_gmt":"2026-03-21T16:48:55","slug":"led-toru-t8-18w-1800lm-4000k-1200mm-emos","status":"publish","type":"product","link":"https:\/\/westbalt.ee\/?product=led-toru-t8-18w-1800lm-4000k-1200mm-emos","title":{"rendered":"LED toru T8 17.8W 1800lm 4000K 1200mm Emos"},"content":{"rendered":"<p>V\u00f5rreldes luminofoortoruga talub LED toru h\u00e4sti l\u00fclitusi ning s\u00fcttib kohe. LED toru on v\u00f5imalik lihtsa \u00fcmberehitusega asendada traditsioonilise luminofoortoruga.<\/p>\n","protected":false},"excerpt":{"rendered":"<p>\u2022 lambipesa\tG13<br \/>\n\u2022 v\u00f5imsus\t17.8 W<br \/>\n\u2022 valgustugevus v\u00f5rreldav lum. toruga 36 W<br \/>\n\u2022 valgustugevus: 1 800 lm<br \/>\n\u2022 v\u00e4rv:\tneutraal valge (4 000 K)<br \/>\n\u2022 eluiga: 20 000 tundi<br \/>\n\u2022 l\u00fclitusts\u00fcklite arv:\t20 000<\/p>\n","protected":false},"featured_media":27738,"comment_status":"open","ping_status":"closed","template":"","meta":{"_acf_changed":false,"_monsterinsights_skip_tracking":false,"_monsterinsights_sitenote_active":false,"_monsterinsights_sitenote_note":"","_monsterinsights_sitenote_category":0},"pwb-brand":[2437],"product_brand":[],"product_cat":[164],"product_tag":[],"class_list":{"0":"post-19440","1":"product","2":"type-product","3":"status-publish","4":"has-post-thumbnail","6":"pwb-brand-emos","7":"product_cat-led-lambid","8":"pa_m-dud-1200-26-mm","9":"pa_varv-valge","11":"first","12":"instock","13":"featured","14":"taxable","15":"shipping-taxable","16":"purchasable","17":"product-type-simple"},"acf":[],"aioseo_notices":[],"jetpack_sharing_enabled":true,"brands":[{"id":2437,"name":"EMOS","slug":"emos"}],"_links":{"self":[{"href":"https:\/\/westbalt.ee\/index.php?rest_route=\/wp\/v2\/product\/19440","targetHints":{"allow":["GET"]}}],"collection":[{"href":"https:\/\/westbalt.ee\/index.php?rest_route=\/wp\/v2\/product"}],"about":[{"href":"https:\/\/westbalt.ee\/index.php?rest_route=\/wp\/v2\/types\/product"}],"replies":[{"embeddable":true,"href":"https:\/\/westbalt.ee\/index.php?rest_route=%2Fwp%2Fv2%2Fcomments&post=19440"}],"wp:featuredmedia":[{"embeddable":true,"href":"https:\/\/westbalt.ee\/index.php?rest_route=\/wp\/v2\/media\/27738"}],"wp:attachment":[{"href":"https:\/\/westbalt.ee\/index.php?rest_route=%2Fwp%2Fv2%2Fmedia&parent=19440"}],"wp:term":[{"taxonomy":"pwb-brand","embeddable":true,"href":"https:\/\/westbalt.ee\/index.php?rest_route=%2Fwp%2Fv2%2Fpwb-brand&post=19440"},{"taxonomy":"product_brand","embeddable":true,"href":"https:\/\/westbalt.ee\/index.php?rest_route=%2Fwp%2Fv2%2Fproduct_brand&post=19440"},{"taxonomy":"product_cat","embeddable":true,"href":"https:\/\/westbalt.ee\/index.php?rest_route=%2Fwp%2Fv2%2Fproduct_cat&post=19440"},{"taxonomy":"product_tag","embeddable":true,"href":"https:\/\/westbalt.ee\/index.php?rest_route=%2Fwp%2Fv2%2Fproduct_tag&post=19440"}],"curies":[{"name":"wp","href":"https:\/\/api.w.org\/{rel}","templated":true}]}}