{"id":19903,"date":"2016-12-05T09:05:30","date_gmt":"2016-12-05T06:05:30","guid":{"rendered":"https:\/\/westbalt.ee\/?post_type=product&#038;p=19903"},"modified":"2026-03-21T19:45:46","modified_gmt":"2026-03-21T16:45:46","slug":"superliim-20g","status":"publish","type":"product","link":"https:\/\/westbalt.ee\/?product=superliim-20g","title":{"rendered":"Liim LOCTITE 454 20g 3min geel, \u00fcldotstarbeline, v\u00e4rvitu"},"content":{"rendered":"<p>LOCTITE 401 on \u00fcldotstarbeline kiirelt tahenev kiirliim, mis on ideaalne kasutamiseks poorsetel pindadel, nagu n\u00e4iteks puit, paber, nahk ja kangas. Kiirliim tagab erinevate materjalide kiire liimimise, sealhulgas metallid, plastid ja elastomeerid. Ideaalne k\u00f5ikideks kiireteks remontideks ja mistahes t\u00fc\u00fcpi v\u00e4ikesteks avariiremontideks. <\/p>\n","protected":false},"excerpt":{"rendered":"<p>&#8211; V\u00e4ga suur tugevus<br \/>\n&#8211; Ideaalne vahend kiireteks parandust\u00f6\u00f6deks<br \/>\n&#8211; Liimib paljusid erinevaid materjale (metallid, kumm, puit, papp, keraamika, samuti enamikku plastmasse) nii omavahel kui ka \u00fcksteisega<\/p>\n","protected":false},"featured_media":24635,"comment_status":"open","ping_status":"closed","template":"","meta":{"_acf_changed":false,"_monsterinsights_skip_tracking":false,"_monsterinsights_sitenote_active":false,"_monsterinsights_sitenote_note":"","_monsterinsights_sitenote_category":0},"pwb-brand":[],"product_brand":[],"product_cat":[346],"product_tag":[],"class_list":{"0":"post-19903","1":"product","2":"type-product","3":"status-publish","4":"has-post-thumbnail","6":"product_cat-liimid","7":"pa_varv-labipaistev","9":"first","10":"outofstock","11":"taxable","12":"shipping-taxable","13":"purchasable","14":"product-type-simple"},"acf":[],"aioseo_notices":[],"jetpack_sharing_enabled":true,"brands":[],"_links":{"self":[{"href":"https:\/\/westbalt.ee\/index.php?rest_route=\/wp\/v2\/product\/19903","targetHints":{"allow":["GET"]}}],"collection":[{"href":"https:\/\/westbalt.ee\/index.php?rest_route=\/wp\/v2\/product"}],"about":[{"href":"https:\/\/westbalt.ee\/index.php?rest_route=\/wp\/v2\/types\/product"}],"replies":[{"embeddable":true,"href":"https:\/\/westbalt.ee\/index.php?rest_route=%2Fwp%2Fv2%2Fcomments&post=19903"}],"wp:featuredmedia":[{"embeddable":true,"href":"https:\/\/westbalt.ee\/index.php?rest_route=\/wp\/v2\/media\/24635"}],"wp:attachment":[{"href":"https:\/\/westbalt.ee\/index.php?rest_route=%2Fwp%2Fv2%2Fmedia&parent=19903"}],"wp:term":[{"taxonomy":"pwb-brand","embeddable":true,"href":"https:\/\/westbalt.ee\/index.php?rest_route=%2Fwp%2Fv2%2Fpwb-brand&post=19903"},{"taxonomy":"product_brand","embeddable":true,"href":"https:\/\/westbalt.ee\/index.php?rest_route=%2Fwp%2Fv2%2Fproduct_brand&post=19903"},{"taxonomy":"product_cat","embeddable":true,"href":"https:\/\/westbalt.ee\/index.php?rest_route=%2Fwp%2Fv2%2Fproduct_cat&post=19903"},{"taxonomy":"product_tag","embeddable":true,"href":"https:\/\/westbalt.ee\/index.php?rest_route=%2Fwp%2Fv2%2Fproduct_tag&post=19903"}],"curies":[{"name":"wp","href":"https:\/\/api.w.org\/{rel}","templated":true}]}}