{"id":21397,"date":"2021-04-24T00:18:02","date_gmt":"2021-04-23T21:18:02","guid":{"rendered":"https:\/\/westbalt.ee\/?post_type=product&#038;p=21397"},"modified":"2026-03-21T19:53:59","modified_gmt":"2026-03-21T16:53:59","slug":"abikontakt-kuljele-1no1nc-af09-af96","status":"publish","type":"product","link":"https:\/\/westbalt.ee\/?product=abikontakt-kuljele-1no1nc-af09-af96","title":{"rendered":"Abikontakt k\u00fcljele 1NO+1NC AF09-AF96"},"content":{"rendered":"","protected":false},"excerpt":{"rendered":"<p>Abikontaktplokke kasutatakse standardsete t\u00f6\u00f6stuskeskkondade abi- ja juhtimisahelate t\u00f6\u00f6ks. Varustatud kruvit\u00fc\u00fcpi \u00fchendusklemmidega.<\/p>\n","protected":false},"featured_media":21398,"comment_status":"open","ping_status":"closed","template":"","meta":{"_acf_changed":false,"_monsterinsights_skip_tracking":false,"_monsterinsights_sitenote_active":false,"_monsterinsights_sitenote_note":"","_monsterinsights_sitenote_category":0},"pwb-brand":[2414],"product_brand":[],"product_cat":[261],"product_tag":[],"class_list":{"0":"post-21397","1":"product","2":"type-product","3":"status-publish","4":"has-post-thumbnail","6":"pwb-brand-abb","7":"product_cat-kontaktorid","9":"first","10":"onbackorder","11":"taxable","12":"shipping-taxable","13":"purchasable","14":"product-type-simple"},"acf":[],"aioseo_notices":[],"jetpack_sharing_enabled":true,"brands":[{"id":2414,"name":"ABB","slug":"abb"}],"_links":{"self":[{"href":"https:\/\/westbalt.ee\/index.php?rest_route=\/wp\/v2\/product\/21397","targetHints":{"allow":["GET"]}}],"collection":[{"href":"https:\/\/westbalt.ee\/index.php?rest_route=\/wp\/v2\/product"}],"about":[{"href":"https:\/\/westbalt.ee\/index.php?rest_route=\/wp\/v2\/types\/product"}],"replies":[{"embeddable":true,"href":"https:\/\/westbalt.ee\/index.php?rest_route=%2Fwp%2Fv2%2Fcomments&post=21397"}],"wp:featuredmedia":[{"embeddable":true,"href":"https:\/\/westbalt.ee\/index.php?rest_route=\/wp\/v2\/media\/21398"}],"wp:attachment":[{"href":"https:\/\/westbalt.ee\/index.php?rest_route=%2Fwp%2Fv2%2Fmedia&parent=21397"}],"wp:term":[{"taxonomy":"pwb-brand","embeddable":true,"href":"https:\/\/westbalt.ee\/index.php?rest_route=%2Fwp%2Fv2%2Fpwb-brand&post=21397"},{"taxonomy":"product_brand","embeddable":true,"href":"https:\/\/westbalt.ee\/index.php?rest_route=%2Fwp%2Fv2%2Fproduct_brand&post=21397"},{"taxonomy":"product_cat","embeddable":true,"href":"https:\/\/westbalt.ee\/index.php?rest_route=%2Fwp%2Fv2%2Fproduct_cat&post=21397"},{"taxonomy":"product_tag","embeddable":true,"href":"https:\/\/westbalt.ee\/index.php?rest_route=%2Fwp%2Fv2%2Fproduct_tag&post=21397"}],"curies":[{"name":"wp","href":"https:\/\/api.w.org\/{rel}","templated":true}]}}