{"id":24831,"date":"2021-07-19T12:31:03","date_gmt":"2021-07-19T09:31:03","guid":{"rendered":"https:\/\/westbalt.ee\/?post_type=product&#038;p=24831"},"modified":"2026-03-21T19:55:37","modified_gmt":"2026-03-21T16:55:37","slug":"kaabliside-450x7-6-must-iek-100tk","status":"publish","type":"product","link":"https:\/\/westbalt.ee\/?product=kaabliside-450x7-6-must-iek-100tk","title":{"rendered":"Kaabliside 450&#215;7.6 must IEK 100tk"},"content":{"rendered":"","protected":false},"excerpt":{"rendered":"<p>Materjali t\u00fc\u00fcp:\tNailon<br \/>\nLaius:\t7,6 mm<br \/>\nPikkus:\t450 mm<br \/>\nKimbu l\u00e4bim\u00f5\u00f5t:\t6 &#8230; 120 mm<br \/>\nT\u00f5mbetugevus:\t220 N<br \/>\nT\u00f6\u00f6temperatuur:\t-25 &#8230; + 75 \u00b0 C<\/p>\n","protected":false},"featured_media":24832,"comment_status":"open","ping_status":"closed","template":"","meta":{"_acf_changed":false,"_monsterinsights_skip_tracking":false,"_monsterinsights_sitenote_active":false,"_monsterinsights_sitenote_note":"","_monsterinsights_sitenote_category":0},"pwb-brand":[2421],"product_brand":[],"product_cat":[287],"product_tag":[],"class_list":{"0":"post-24831","1":"product","2":"type-product","3":"status-publish","4":"has-post-thumbnail","6":"pwb-brand-iek","7":"product_cat-kaablisidemed-kinnitusklambrid","9":"first","10":"instock","11":"taxable","12":"shipping-taxable","13":"purchasable","14":"product-type-simple"},"acf":[],"aioseo_notices":[],"jetpack_sharing_enabled":true,"brands":[{"id":2421,"name":"IEK","slug":"iek"}],"_links":{"self":[{"href":"https:\/\/westbalt.ee\/index.php?rest_route=\/wp\/v2\/product\/24831","targetHints":{"allow":["GET"]}}],"collection":[{"href":"https:\/\/westbalt.ee\/index.php?rest_route=\/wp\/v2\/product"}],"about":[{"href":"https:\/\/westbalt.ee\/index.php?rest_route=\/wp\/v2\/types\/product"}],"replies":[{"embeddable":true,"href":"https:\/\/westbalt.ee\/index.php?rest_route=%2Fwp%2Fv2%2Fcomments&post=24831"}],"wp:featuredmedia":[{"embeddable":true,"href":"https:\/\/westbalt.ee\/index.php?rest_route=\/wp\/v2\/media\/24832"}],"wp:attachment":[{"href":"https:\/\/westbalt.ee\/index.php?rest_route=%2Fwp%2Fv2%2Fmedia&parent=24831"}],"wp:term":[{"taxonomy":"pwb-brand","embeddable":true,"href":"https:\/\/westbalt.ee\/index.php?rest_route=%2Fwp%2Fv2%2Fpwb-brand&post=24831"},{"taxonomy":"product_brand","embeddable":true,"href":"https:\/\/westbalt.ee\/index.php?rest_route=%2Fwp%2Fv2%2Fproduct_brand&post=24831"},{"taxonomy":"product_cat","embeddable":true,"href":"https:\/\/westbalt.ee\/index.php?rest_route=%2Fwp%2Fv2%2Fproduct_cat&post=24831"},{"taxonomy":"product_tag","embeddable":true,"href":"https:\/\/westbalt.ee\/index.php?rest_route=%2Fwp%2Fv2%2Fproduct_tag&post=24831"}],"curies":[{"name":"wp","href":"https:\/\/api.w.org\/{rel}","templated":true}]}}