{"id":26647,"date":"2022-02-22T00:02:22","date_gmt":"2022-02-21T21:02:22","guid":{"rendered":"https:\/\/westbalt.ee\/?post_type=product&#038;p=26647"},"modified":"2026-03-21T19:52:28","modified_gmt":"2026-03-21T16:52:28","slug":"liikumisandur-180-ip44-valge","status":"publish","type":"product","link":"https:\/\/westbalt.ee\/?product=liikumisandur-180-ip44-valge","title":{"rendered":"Liikumisandur 180\u00b0 IP44 valge"},"content":{"rendered":"<p>&#8211;<\/p>\n","protected":false},"excerpt":{"rendered":"<p>\u2022 Detekteerimise nurk 180\u00b0<br \/>\n\u2022 Detekteerimisala maksimaalne kaugus 12 m<br \/>\n\u2022 Detekteeritava objekti kiirus 0,6 &#8211; 1,5 m\/s<br \/>\n\u2022 Aja seadistuse vahemik 10 sek. &#8211; 15 min.<br \/>\n\u2022 Valguse seadistuse vahemik 3 &#8211; 2000 Lux<br \/>\n\u2022 Kaitseklass IP44<br \/>\n\u2022 Maksimaalne v\u00f5imsus (h\u00f5\u00f5g-, halogeenlamp) 800 W<br \/>\n\u2022 Maksimaalne v\u00f5imsus (s\u00e4\u00e4stu-, LED-, luminofoorlamp) 400 W<br \/>\n\u2022 Pinge 220-240 V<br \/>\n\u2022 Sagedus 50 Hz<br \/>\n\u2022 Voolutarve ~ 0,5 W<br \/>\n\u2022 T\u00f6\u00f6temperatuuri vahemik -20\u00b0C &#8211; +40\u00b0C<br \/>\n\u2022 Maksimaalne \u00fcmbritsev suhteline niiskus 93%<br \/>\n\u2022 Paigaldusk\u00f5rgus 1,8 &#8211; 2,5 m<\/p>\n","protected":false},"featured_media":26648,"comment_status":"open","ping_status":"closed","template":"","meta":{"_acf_changed":false,"_monsterinsights_skip_tracking":false,"_monsterinsights_sitenote_active":false,"_monsterinsights_sitenote_note":"","_monsterinsights_sitenote_category":0},"pwb-brand":[],"product_brand":[],"product_cat":[162,325],"product_tag":[],"class_list":{"0":"post-26647","1":"product","2":"type-product","3":"status-publish","4":"has-post-thumbnail","6":"product_cat-valgustite-komponendid","7":"product_cat-valveseadmed-2","8":"pa_varv-valge","10":"first","11":"onbackorder","12":"taxable","13":"shipping-taxable","14":"purchasable","15":"product-type-simple"},"acf":[],"aioseo_notices":[],"jetpack_sharing_enabled":true,"brands":[],"_links":{"self":[{"href":"https:\/\/westbalt.ee\/index.php?rest_route=\/wp\/v2\/product\/26647","targetHints":{"allow":["GET"]}}],"collection":[{"href":"https:\/\/westbalt.ee\/index.php?rest_route=\/wp\/v2\/product"}],"about":[{"href":"https:\/\/westbalt.ee\/index.php?rest_route=\/wp\/v2\/types\/product"}],"replies":[{"embeddable":true,"href":"https:\/\/westbalt.ee\/index.php?rest_route=%2Fwp%2Fv2%2Fcomments&post=26647"}],"wp:featuredmedia":[{"embeddable":true,"href":"https:\/\/westbalt.ee\/index.php?rest_route=\/wp\/v2\/media\/26648"}],"wp:attachment":[{"href":"https:\/\/westbalt.ee\/index.php?rest_route=%2Fwp%2Fv2%2Fmedia&parent=26647"}],"wp:term":[{"taxonomy":"pwb-brand","embeddable":true,"href":"https:\/\/westbalt.ee\/index.php?rest_route=%2Fwp%2Fv2%2Fpwb-brand&post=26647"},{"taxonomy":"product_brand","embeddable":true,"href":"https:\/\/westbalt.ee\/index.php?rest_route=%2Fwp%2Fv2%2Fproduct_brand&post=26647"},{"taxonomy":"product_cat","embeddable":true,"href":"https:\/\/westbalt.ee\/index.php?rest_route=%2Fwp%2Fv2%2Fproduct_cat&post=26647"},{"taxonomy":"product_tag","embeddable":true,"href":"https:\/\/westbalt.ee\/index.php?rest_route=%2Fwp%2Fv2%2Fproduct_tag&post=26647"}],"curies":[{"name":"wp","href":"https:\/\/api.w.org\/{rel}","templated":true}]}}