{"id":26816,"date":"2022-03-01T17:46:37","date_gmt":"2022-03-01T14:46:37","guid":{"rendered":"https:\/\/westbalt.ee\/?post_type=product&#038;p=26816"},"modified":"2026-03-21T19:47:43","modified_gmt":"2026-03-21T16:47:43","slug":"elektrienergia-tarbivuse-mootja-230-v-16-a-peaktech","status":"publish","type":"product","link":"https:\/\/westbalt.ee\/?product=elektrienergia-tarbivuse-mootja-230-v-16-a-peaktech","title":{"rendered":"Elektrienergia tarbivuse m\u00f5\u00f5tja 230 V &#8211; 16 A PeakTech"},"content":{"rendered":"<p>&#8211;<\/p>\n","protected":false},"excerpt":{"rendered":"<p>\u2022 M\u00f5\u00f5dab kulutatud energia maksumust (\u20ac), energiakulu (kWh), v\u00f5rgupinget (V) sagedust (Hz), tarvitit l\u00e4bivat voolu (A), v\u00f5imsusteguri (cos \u03c6) v\u00e4\u00e4rtust<br \/>\n\u2022 Maksimaalse tarbimise (Wmax) ja k\u00e4ivitamise aega kuvamine<br \/>\n\u2022 Kellaaja, kuup\u00e4eva ja tarbimisaja kuvamine<br \/>\n\u2022 V\u00f5imsusteguri m\u00f5\u00f5tmine alates umbes 1W<br \/>\n\u2022 V\u00f5imalik sisestada kilovatt-tunni hind eraldi p\u00e4evase ja \u00f6ise tariifi j\u00e4rgi<br \/>\n\u2022 Integreeritud \u00fclekoormuse indikaator ja lapselukk<br \/>\n\u2022 Nupp &#8220;Reset&#8221; k\u00f5igi seadme funktsioonide l\u00e4htestamiseks<br \/>\n\u2022 CO2 heitkoguste arvutus \u00fchikutes CO2\/kg<br \/>\n\u2022 Sisseehitatud laetav aku m\u00e4lu jaoks<br \/>\n\u2022 K\u00f5rge eraldusv\u00f5ime 0,005 A<br \/>\n\u2022 K\u00f5rge t\u00e4psus + \/ &#8211; 0,5%<\/p>\n","protected":false},"featured_media":26818,"comment_status":"open","ping_status":"closed","template":"","meta":{"_acf_changed":false,"_monsterinsights_skip_tracking":false,"_monsterinsights_sitenote_active":false,"_monsterinsights_sitenote_note":"","_monsterinsights_sitenote_category":0},"pwb-brand":[],"product_brand":[],"product_cat":[301],"product_tag":[],"class_list":{"0":"post-26816","1":"product","2":"type-product","3":"status-publish","4":"has-post-thumbnail","6":"product_cat-spets-m-teriistad","8":"first","9":"instock","10":"taxable","11":"shipping-taxable","12":"purchasable","13":"product-type-simple"},"acf":[],"aioseo_notices":[],"jetpack_sharing_enabled":true,"brands":[],"_links":{"self":[{"href":"https:\/\/westbalt.ee\/index.php?rest_route=\/wp\/v2\/product\/26816","targetHints":{"allow":["GET"]}}],"collection":[{"href":"https:\/\/westbalt.ee\/index.php?rest_route=\/wp\/v2\/product"}],"about":[{"href":"https:\/\/westbalt.ee\/index.php?rest_route=\/wp\/v2\/types\/product"}],"replies":[{"embeddable":true,"href":"https:\/\/westbalt.ee\/index.php?rest_route=%2Fwp%2Fv2%2Fcomments&post=26816"}],"wp:featuredmedia":[{"embeddable":true,"href":"https:\/\/westbalt.ee\/index.php?rest_route=\/wp\/v2\/media\/26818"}],"wp:attachment":[{"href":"https:\/\/westbalt.ee\/index.php?rest_route=%2Fwp%2Fv2%2Fmedia&parent=26816"}],"wp:term":[{"taxonomy":"pwb-brand","embeddable":true,"href":"https:\/\/westbalt.ee\/index.php?rest_route=%2Fwp%2Fv2%2Fpwb-brand&post=26816"},{"taxonomy":"product_brand","embeddable":true,"href":"https:\/\/westbalt.ee\/index.php?rest_route=%2Fwp%2Fv2%2Fproduct_brand&post=26816"},{"taxonomy":"product_cat","embeddable":true,"href":"https:\/\/westbalt.ee\/index.php?rest_route=%2Fwp%2Fv2%2Fproduct_cat&post=26816"},{"taxonomy":"product_tag","embeddable":true,"href":"https:\/\/westbalt.ee\/index.php?rest_route=%2Fwp%2Fv2%2Fproduct_tag&post=26816"}],"curies":[{"name":"wp","href":"https:\/\/api.w.org\/{rel}","templated":true}]}}