{"id":27310,"date":"2020-04-24T01:03:06","date_gmt":"2020-04-23T22:03:06","guid":{"rendered":"https:\/\/westbalt.ee\/?post_type=product&#038;p=27310"},"modified":"2026-03-21T19:47:04","modified_gmt":"2026-03-21T16:47:04","slug":"kaablihoidik-3-13mm-100tk","status":"publish","type":"product","link":"https:\/\/westbalt.ee\/?product=kaablihoidik-3-13mm-100tk","title":{"rendered":"Kaablihoidik  3-13mm 100tk"},"content":{"rendered":"<p>Materjal: pol\u00fcamiid (Tulekindel materjal, ei sisalda halogeeni, suurendab t\u00f6\u00f6ohutust)<br \/>\nEelistused:<br \/>\n\u2013 ainult \u00fcks puur kasutuses;<br \/>\n-hoiab aega kokku: kasutatakse ainult \u00fchte hoidikut kombinatsiooni \u201ct\u00fc\u00fcbel + kinnitusvahend + kruvi\u201d asemel;<br \/>\n\u2013 lihtne ja kiire \u2013 langeb kuni 80% ulatuse spaigaldamisele kuluv t\u00f6\u00f6aeg;<br \/>\n\u2013 k\u00f5rgkvalifitseeritud materjal v\u00f5imaldab paigaldamist aastaringselt;<br \/>\n-paigaldus temperatuur: -20 \u2026 + 80 \u00b0 C;<br \/>\n\u2013 suur kandev\u00f5ime (kuni 40 kg kandej\u00f5ud);<br \/>\n-Valmistatud UV-kindlast materjalist, sobilik kasutamisel nii sise-kui v\u00e4listingimustes;<\/p>\n","protected":false},"excerpt":{"rendered":"<p>Kaablihoidik on m\u00f5eldud kaablite, painduvate v\u00f5i k\u00f5vade torude paigaldamiseks otse betooni-, kivi-, kui ka tellisest m\u00fc\u00fcritisse. Konstrueeritud eraldi juhtme v\u00f5i kaablikimpude fikseerimiseks 3 kuni 13 mm l\u00e4bim\u00f5\u00f5duga.<\/p>\n","protected":false},"featured_media":27306,"comment_status":"open","ping_status":"closed","template":"","meta":{"_acf_changed":false,"_monsterinsights_skip_tracking":false,"_monsterinsights_sitenote_active":false,"_monsterinsights_sitenote_note":"","_monsterinsights_sitenote_category":0},"pwb-brand":[],"product_brand":[],"product_cat":[287],"product_tag":[],"class_list":{"0":"post-27310","1":"product","2":"type-product","3":"status-publish","4":"has-post-thumbnail","6":"product_cat-kaablisidemed-kinnitusklambrid","8":"first","9":"instock","10":"taxable","11":"shipping-taxable","12":"purchasable","13":"product-type-simple"},"acf":[],"aioseo_notices":[],"jetpack_sharing_enabled":true,"brands":[],"_links":{"self":[{"href":"https:\/\/westbalt.ee\/index.php?rest_route=\/wp\/v2\/product\/27310","targetHints":{"allow":["GET"]}}],"collection":[{"href":"https:\/\/westbalt.ee\/index.php?rest_route=\/wp\/v2\/product"}],"about":[{"href":"https:\/\/westbalt.ee\/index.php?rest_route=\/wp\/v2\/types\/product"}],"replies":[{"embeddable":true,"href":"https:\/\/westbalt.ee\/index.php?rest_route=%2Fwp%2Fv2%2Fcomments&post=27310"}],"wp:featuredmedia":[{"embeddable":true,"href":"https:\/\/westbalt.ee\/index.php?rest_route=\/wp\/v2\/media\/27306"}],"wp:attachment":[{"href":"https:\/\/westbalt.ee\/index.php?rest_route=%2Fwp%2Fv2%2Fmedia&parent=27310"}],"wp:term":[{"taxonomy":"pwb-brand","embeddable":true,"href":"https:\/\/westbalt.ee\/index.php?rest_route=%2Fwp%2Fv2%2Fpwb-brand&post=27310"},{"taxonomy":"product_brand","embeddable":true,"href":"https:\/\/westbalt.ee\/index.php?rest_route=%2Fwp%2Fv2%2Fproduct_brand&post=27310"},{"taxonomy":"product_cat","embeddable":true,"href":"https:\/\/westbalt.ee\/index.php?rest_route=%2Fwp%2Fv2%2Fproduct_cat&post=27310"},{"taxonomy":"product_tag","embeddable":true,"href":"https:\/\/westbalt.ee\/index.php?rest_route=%2Fwp%2Fv2%2Fproduct_tag&post=27310"}],"curies":[{"name":"wp","href":"https:\/\/api.w.org\/{rel}","templated":true}]}}