{"id":27709,"date":"2022-06-22T11:54:15","date_gmt":"2022-06-22T08:54:15","guid":{"rendered":"https:\/\/westbalt.ee\/?post_type=product&#038;p=27709"},"modified":"2026-03-21T19:41:55","modified_gmt":"2026-03-21T16:41:55","slug":"led-lamp-emos-c37-kuunal-7-3w-806lm-e14-2700k","status":"publish","type":"product","link":"https:\/\/westbalt.ee\/?product=led-lamp-emos-c37-kuunal-7-3w-806lm-e14-2700k","title":{"rendered":"LED lamp EMOS C37 K\u00dc\u00dcNAL 6.5W 806lm E14 2700K"},"content":{"rendered":"<p>&#8211;<\/p>\n","protected":false},"excerpt":{"rendered":"<p>\u2022 Pesa: E14<br \/>\n\u2022 V\u00e4rvi temp. 2700 K<br \/>\n\u2022 Valgustugevus: 806 lm (v\u00f5rreldav h\u00f5\u00f5glambiga: 60W)<br \/>\n\u2022 Eluiga 30 000 h<br \/>\n\u2022 Ei ole dimmerdatav<br \/>\n\u2022 L\u00fclitusts\u00fckkleid: 25 000<\/p>\n","protected":false},"featured_media":36649,"comment_status":"open","ping_status":"closed","template":"","meta":{"_acf_changed":false,"_monsterinsights_skip_tracking":false,"_monsterinsights_sitenote_active":false,"_monsterinsights_sitenote_note":"","_monsterinsights_sitenote_category":0},"pwb-brand":[2437],"product_brand":[],"product_cat":[164],"product_tag":[],"class_list":{"0":"post-27709","1":"product","2":"type-product","3":"status-publish","4":"has-post-thumbnail","6":"pwb-brand-emos","7":"product_cat-led-lambid","9":"first","10":"instock","11":"taxable","12":"shipping-taxable","13":"purchasable","14":"product-type-simple"},"acf":[],"aioseo_notices":[],"jetpack_sharing_enabled":true,"brands":[{"id":2437,"name":"EMOS","slug":"emos"}],"_links":{"self":[{"href":"https:\/\/westbalt.ee\/index.php?rest_route=\/wp\/v2\/product\/27709","targetHints":{"allow":["GET"]}}],"collection":[{"href":"https:\/\/westbalt.ee\/index.php?rest_route=\/wp\/v2\/product"}],"about":[{"href":"https:\/\/westbalt.ee\/index.php?rest_route=\/wp\/v2\/types\/product"}],"replies":[{"embeddable":true,"href":"https:\/\/westbalt.ee\/index.php?rest_route=%2Fwp%2Fv2%2Fcomments&post=27709"}],"wp:featuredmedia":[{"embeddable":true,"href":"https:\/\/westbalt.ee\/index.php?rest_route=\/wp\/v2\/media\/36649"}],"wp:attachment":[{"href":"https:\/\/westbalt.ee\/index.php?rest_route=%2Fwp%2Fv2%2Fmedia&parent=27709"}],"wp:term":[{"taxonomy":"pwb-brand","embeddable":true,"href":"https:\/\/westbalt.ee\/index.php?rest_route=%2Fwp%2Fv2%2Fpwb-brand&post=27709"},{"taxonomy":"product_brand","embeddable":true,"href":"https:\/\/westbalt.ee\/index.php?rest_route=%2Fwp%2Fv2%2Fproduct_brand&post=27709"},{"taxonomy":"product_cat","embeddable":true,"href":"https:\/\/westbalt.ee\/index.php?rest_route=%2Fwp%2Fv2%2Fproduct_cat&post=27709"},{"taxonomy":"product_tag","embeddable":true,"href":"https:\/\/westbalt.ee\/index.php?rest_route=%2Fwp%2Fv2%2Fproduct_tag&post=27709"}],"curies":[{"name":"wp","href":"https:\/\/api.w.org\/{rel}","templated":true}]}}