{"id":28312,"date":"2022-10-06T23:23:59","date_gmt":"2022-10-06T20:23:59","guid":{"rendered":"https:\/\/westbalt.ee\/?post_type=product&#038;p=28312"},"modified":"2026-03-21T19:49:45","modified_gmt":"2026-03-21T16:49:45","slug":"led-riba-puutetundlik-dimmer-al-profiili","status":"publish","type":"product","link":"https:\/\/westbalt.ee\/?product=led-riba-puutetundlik-dimmer-al-profiili","title":{"rendered":"LED riba puutetundlik dimmer al.profiili"},"content":{"rendered":"<p>\u2022 Funktsioonid: Dimmer &#8211; OFF, 0 &#8211; 100%<br \/>\n\u2022 Sisendpinge: 12 &#8211; 24 V DC<br \/>\n\u2022 Max. vool: 8 A<br \/>\n\u2022 Maks. V\u00f5imsus: 96 W (12 V), 192 W (24 V)<\/p>\n","protected":false},"excerpt":{"rendered":"<p>Puutetundlik dimmer \/ l\u00fcliti, mis on m\u00f5eldud otse AL-profiili paigaldamiseks. Funktsiooni juhtimiseks ei kasutata juhtivat \u00fchendust AL-profiiliga, vaid seda juhitakse hajuti (plexi) puudutamisega. Selle koha n\u00e4itab helendav sinine LED.<\/p>\n","protected":false},"featured_media":28315,"comment_status":"open","ping_status":"closed","template":"","meta":{"_acf_changed":false,"_monsterinsights_skip_tracking":false,"_monsterinsights_sitenote_active":false,"_monsterinsights_sitenote_note":"","_monsterinsights_sitenote_category":0},"pwb-brand":[],"product_brand":[],"product_cat":[163],"product_tag":[],"class_list":{"0":"post-28312","1":"product","2":"type-product","3":"status-publish","4":"has-post-thumbnail","6":"product_cat-led-ribad-ja-moodulid","8":"first","9":"instock","10":"taxable","11":"shipping-taxable","12":"purchasable","13":"product-type-simple"},"acf":[],"aioseo_notices":[],"jetpack_sharing_enabled":true,"brands":[],"_links":{"self":[{"href":"https:\/\/westbalt.ee\/index.php?rest_route=\/wp\/v2\/product\/28312","targetHints":{"allow":["GET"]}}],"collection":[{"href":"https:\/\/westbalt.ee\/index.php?rest_route=\/wp\/v2\/product"}],"about":[{"href":"https:\/\/westbalt.ee\/index.php?rest_route=\/wp\/v2\/types\/product"}],"replies":[{"embeddable":true,"href":"https:\/\/westbalt.ee\/index.php?rest_route=%2Fwp%2Fv2%2Fcomments&post=28312"}],"wp:featuredmedia":[{"embeddable":true,"href":"https:\/\/westbalt.ee\/index.php?rest_route=\/wp\/v2\/media\/28315"}],"wp:attachment":[{"href":"https:\/\/westbalt.ee\/index.php?rest_route=%2Fwp%2Fv2%2Fmedia&parent=28312"}],"wp:term":[{"taxonomy":"pwb-brand","embeddable":true,"href":"https:\/\/westbalt.ee\/index.php?rest_route=%2Fwp%2Fv2%2Fpwb-brand&post=28312"},{"taxonomy":"product_brand","embeddable":true,"href":"https:\/\/westbalt.ee\/index.php?rest_route=%2Fwp%2Fv2%2Fproduct_brand&post=28312"},{"taxonomy":"product_cat","embeddable":true,"href":"https:\/\/westbalt.ee\/index.php?rest_route=%2Fwp%2Fv2%2Fproduct_cat&post=28312"},{"taxonomy":"product_tag","embeddable":true,"href":"https:\/\/westbalt.ee\/index.php?rest_route=%2Fwp%2Fv2%2Fproduct_tag&post=28312"}],"curies":[{"name":"wp","href":"https:\/\/api.w.org\/{rel}","templated":true}]}}