{"id":28943,"date":"2023-01-09T00:41:02","date_gmt":"2023-01-08T21:41:02","guid":{"rendered":"https:\/\/westbalt.ee\/?post_type=product&#038;p=28943"},"modified":"2026-03-21T19:53:45","modified_gmt":"2026-03-21T16:53:45","slug":"voltmeeter-led-22mm-dc-4-100v-ip65-sinine","status":"publish","type":"product","link":"https:\/\/westbalt.ee\/?product=voltmeeter-led-22mm-dc-4-100v-ip65-sinine","title":{"rendered":"Voltmeeter LED 22mm DC 4&#8230;100V IP65 sinine"},"content":{"rendered":"","protected":false},"excerpt":{"rendered":"<p>\u2022 Materjal: plastik \/ PC<br \/>\n\u2022 Kaitseaste: IP00 \/ Pea IP65<br \/>\n\u2022 M\u00f5\u00f5tmise t\u00e4psus: 1. tase<br \/>\n\u2022 T\u00f6\u00f6iga: tavaliselt \u00fcle 10 000 tunni<br \/>\n\u2022 Paigaldusava: 22,5 mm<br \/>\n\u2022 T\u00f6\u00f6temperatuur: -25\u2103~+55\u2103, suhteline \u00f5huniiskus: \u226495%<br \/>\n\u2022 M\u00f5\u00f5tevahemik: 4V~100V DC<br \/>\n\u2022 Nimivool: <20mA\n<\/p>\n","protected":false},"featured_media":28944,"comment_status":"open","ping_status":"closed","template":"","meta":{"_acf_changed":false,"_monsterinsights_skip_tracking":false,"_monsterinsights_sitenote_active":false,"_monsterinsights_sitenote_note":"","_monsterinsights_sitenote_category":0},"pwb-brand":[],"product_brand":[],"product_cat":[304],"product_tag":[],"class_list":{"0":"post-28943","1":"product","2":"type-product","3":"status-publish","4":"has-post-thumbnail","6":"product_cat-paneel-m-turid","8":"first","9":"instock","10":"taxable","11":"shipping-taxable","12":"purchasable","13":"product-type-simple"},"acf":[],"aioseo_notices":[],"jetpack_sharing_enabled":true,"brands":[],"_links":{"self":[{"href":"https:\/\/westbalt.ee\/index.php?rest_route=\/wp\/v2\/product\/28943","targetHints":{"allow":["GET"]}}],"collection":[{"href":"https:\/\/westbalt.ee\/index.php?rest_route=\/wp\/v2\/product"}],"about":[{"href":"https:\/\/westbalt.ee\/index.php?rest_route=\/wp\/v2\/types\/product"}],"replies":[{"embeddable":true,"href":"https:\/\/westbalt.ee\/index.php?rest_route=%2Fwp%2Fv2%2Fcomments&post=28943"}],"wp:featuredmedia":[{"embeddable":true,"href":"https:\/\/westbalt.ee\/index.php?rest_route=\/wp\/v2\/media\/28944"}],"wp:attachment":[{"href":"https:\/\/westbalt.ee\/index.php?rest_route=%2Fwp%2Fv2%2Fmedia&parent=28943"}],"wp:term":[{"taxonomy":"pwb-brand","embeddable":true,"href":"https:\/\/westbalt.ee\/index.php?rest_route=%2Fwp%2Fv2%2Fpwb-brand&post=28943"},{"taxonomy":"product_brand","embeddable":true,"href":"https:\/\/westbalt.ee\/index.php?rest_route=%2Fwp%2Fv2%2Fproduct_brand&post=28943"},{"taxonomy":"product_cat","embeddable":true,"href":"https:\/\/westbalt.ee\/index.php?rest_route=%2Fwp%2Fv2%2Fproduct_cat&post=28943"},{"taxonomy":"product_tag","embeddable":true,"href":"https:\/\/westbalt.ee\/index.php?rest_route=%2Fwp%2Fv2%2Fproduct_tag&post=28943"}],"curies":[{"name":"wp","href":"https:\/\/api.w.org\/{rel}","templated":true}]}}