{"id":29217,"date":"2023-02-16T00:43:55","date_gmt":"2023-02-15T21:43:55","guid":{"rendered":"https:\/\/westbalt.ee\/?post_type=product&#038;p=29217"},"modified":"2026-03-21T19:52:40","modified_gmt":"2026-03-21T16:52:40","slug":"ventilaator-12vdc-60x60x20mm-sunon-38-9m3-h-33-5dba-vapo","status":"publish","type":"product","link":"https:\/\/westbalt.ee\/?product=ventilaator-12vdc-60x60x20mm-sunon-38-9m3-h-33-5dba-vapo","title":{"rendered":"Ventilaator 12VDC 60x60x20mm SUNON; 38.9m3\/h; 33.5dBA; Vapo"},"content":{"rendered":"<p>&#8211;<\/p>\n","protected":false},"excerpt":{"rendered":"<p>T\u00f6\u00f6pinge 4,5&#8230;13,8V<br \/>\nEnergiatarve 1,2W<br \/>\nVool 0,1A<br \/>\nVentilaatori efektiivsus 38,9m3 \/ h<br \/>\nM\u00fcratase 33,5 dBA<br \/>\nLaager Vapo<br \/>\nP\u00f6\u00f6rlemiskiirus 5000 p\u00f6\u00f6ret minutis<br \/>\nKorpuse materjal: termoplast<br \/>\nT\u00f6\u00f6temperatuur -10&#8230;70\u00b0C<br \/>\nKaabli pikkus 290 mm<\/p>\n","protected":false},"featured_media":29219,"comment_status":"open","ping_status":"closed","template":"","meta":{"_acf_changed":false,"_monsterinsights_skip_tracking":false,"_monsterinsights_sitenote_active":false,"_monsterinsights_sitenote_note":"","_monsterinsights_sitenote_category":0},"pwb-brand":[2413],"product_brand":[],"product_cat":[327],"product_tag":[],"class_list":{"0":"post-29217","1":"product","2":"type-product","3":"status-publish","4":"has-post-thumbnail","6":"pwb-brand-sunon","7":"product_cat-ventilaatorid","9":"first","10":"instock","11":"taxable","12":"shipping-taxable","13":"purchasable","14":"product-type-simple"},"acf":[],"aioseo_notices":[],"jetpack_sharing_enabled":true,"brands":[{"id":2413,"name":"SUNON","slug":"sunon"}],"_links":{"self":[{"href":"https:\/\/westbalt.ee\/index.php?rest_route=\/wp\/v2\/product\/29217","targetHints":{"allow":["GET"]}}],"collection":[{"href":"https:\/\/westbalt.ee\/index.php?rest_route=\/wp\/v2\/product"}],"about":[{"href":"https:\/\/westbalt.ee\/index.php?rest_route=\/wp\/v2\/types\/product"}],"replies":[{"embeddable":true,"href":"https:\/\/westbalt.ee\/index.php?rest_route=%2Fwp%2Fv2%2Fcomments&post=29217"}],"wp:featuredmedia":[{"embeddable":true,"href":"https:\/\/westbalt.ee\/index.php?rest_route=\/wp\/v2\/media\/29219"}],"wp:attachment":[{"href":"https:\/\/westbalt.ee\/index.php?rest_route=%2Fwp%2Fv2%2Fmedia&parent=29217"}],"wp:term":[{"taxonomy":"pwb-brand","embeddable":true,"href":"https:\/\/westbalt.ee\/index.php?rest_route=%2Fwp%2Fv2%2Fpwb-brand&post=29217"},{"taxonomy":"product_brand","embeddable":true,"href":"https:\/\/westbalt.ee\/index.php?rest_route=%2Fwp%2Fv2%2Fproduct_brand&post=29217"},{"taxonomy":"product_cat","embeddable":true,"href":"https:\/\/westbalt.ee\/index.php?rest_route=%2Fwp%2Fv2%2Fproduct_cat&post=29217"},{"taxonomy":"product_tag","embeddable":true,"href":"https:\/\/westbalt.ee\/index.php?rest_route=%2Fwp%2Fv2%2Fproduct_tag&post=29217"}],"curies":[{"name":"wp","href":"https:\/\/api.w.org\/{rel}","templated":true}]}}