{"id":29537,"date":"2023-04-13T23:44:57","date_gmt":"2023-04-13T20:44:57","guid":{"rendered":"https:\/\/westbalt.ee\/?post_type=product&#038;p=29537"},"modified":"2026-03-21T19:52:37","modified_gmt":"2026-03-21T16:52:37","slug":"juhe-usb-c-pistik-c-pistik-2-0m-baseus","status":"publish","type":"product","link":"https:\/\/westbalt.ee\/?product=juhe-usb-c-pistik-c-pistik-2-0m-baseus","title":{"rendered":"Juhe USB C pistik &#8211; C pistik 2.0m BASEUS"},"content":{"rendered":"<p>T\u00e4nu Power Delivery 2.0 ja Quick Charge 3.0 tehnoloogiale suudab kaabel v\u00e4ga kiiresti laadida nende tehnoloogiatega varustatud seadmeid nagu s\u00fclearvuteid, tahvelarvuteid ja nutitelefone.<\/p>\n","protected":false},"excerpt":{"rendered":"<p>Baseus Cafule on kvaliteetne USB Type C kaabel, mis on m\u00f5eldud andmeedastuseks ja seadmete laadimiseks. T\u00e4nu tugevdatud konstruktsioonile on sellel suurenenud purunemiskindlus (lisakaitse pistiku juures).<br \/>\n\u2022 Materjal\tTPE, alumiinium, nailon<br \/>\n\u2022 Pikkus\t200 cm<br \/>\n\u2022 V\u00e4ljundvool\tMAX 3A \/ 20V<\/p>\n","protected":false},"featured_media":29538,"comment_status":"open","ping_status":"closed","template":"","meta":{"_acf_changed":false,"_monsterinsights_skip_tracking":false,"_monsterinsights_sitenote_active":false,"_monsterinsights_sitenote_note":"","_monsterinsights_sitenote_category":0},"pwb-brand":[],"product_brand":[],"product_cat":[217],"product_tag":[],"class_list":{"0":"post-29537","1":"product","2":"type-product","3":"status-publish","4":"has-post-thumbnail","6":"product_cat-henduskaablid","8":"first","9":"onbackorder","10":"taxable","11":"shipping-taxable","12":"purchasable","13":"product-type-simple"},"acf":[],"aioseo_notices":[],"jetpack_sharing_enabled":true,"brands":[],"_links":{"self":[{"href":"https:\/\/westbalt.ee\/index.php?rest_route=\/wp\/v2\/product\/29537","targetHints":{"allow":["GET"]}}],"collection":[{"href":"https:\/\/westbalt.ee\/index.php?rest_route=\/wp\/v2\/product"}],"about":[{"href":"https:\/\/westbalt.ee\/index.php?rest_route=\/wp\/v2\/types\/product"}],"replies":[{"embeddable":true,"href":"https:\/\/westbalt.ee\/index.php?rest_route=%2Fwp%2Fv2%2Fcomments&post=29537"}],"wp:featuredmedia":[{"embeddable":true,"href":"https:\/\/westbalt.ee\/index.php?rest_route=\/wp\/v2\/media\/29538"}],"wp:attachment":[{"href":"https:\/\/westbalt.ee\/index.php?rest_route=%2Fwp%2Fv2%2Fmedia&parent=29537"}],"wp:term":[{"taxonomy":"pwb-brand","embeddable":true,"href":"https:\/\/westbalt.ee\/index.php?rest_route=%2Fwp%2Fv2%2Fpwb-brand&post=29537"},{"taxonomy":"product_brand","embeddable":true,"href":"https:\/\/westbalt.ee\/index.php?rest_route=%2Fwp%2Fv2%2Fproduct_brand&post=29537"},{"taxonomy":"product_cat","embeddable":true,"href":"https:\/\/westbalt.ee\/index.php?rest_route=%2Fwp%2Fv2%2Fproduct_cat&post=29537"},{"taxonomy":"product_tag","embeddable":true,"href":"https:\/\/westbalt.ee\/index.php?rest_route=%2Fwp%2Fv2%2Fproduct_tag&post=29537"}],"curies":[{"name":"wp","href":"https:\/\/api.w.org\/{rel}","templated":true}]}}