{"id":29640,"date":"2023-05-03T18:39:29","date_gmt":"2023-05-03T15:39:29","guid":{"rendered":"https:\/\/westbalt.ee\/?post_type=product&#038;p=29640"},"modified":"2026-03-21T19:53:53","modified_gmt":"2026-03-21T16:53:53","slug":"puhastusaine-isopropanool-400ml-aerosool-pintsliga","status":"publish","type":"product","link":"https:\/\/westbalt.ee\/?product=puhastusaine-isopropanool-400ml-aerosool-pintsliga","title":{"rendered":"Puhastusaine isopropanool  400ml aerosool pintsliga"},"content":{"rendered":"","protected":false},"excerpt":{"rendered":"<p>Elektroonika \u00fcldpuhastusaine. Puhas isopropanool, mis eemaldab suurep\u00e4raselt mustuse, \u00f5li, rasva ja vaigu tr\u00fckkplaatidelt ning peenmehaanika ja optika osadelt. Ei j\u00e4ta j\u00e4lgi ega plekke. Keemiliselt neutraalne tavaliselt kasutatavate materjalide suhtes.<\/p>\n","protected":false},"featured_media":29641,"comment_status":"open","ping_status":"closed","template":"","meta":{"_acf_changed":false,"_monsterinsights_skip_tracking":false,"_monsterinsights_sitenote_active":false,"_monsterinsights_sitenote_note":"","_monsterinsights_sitenote_category":0},"pwb-brand":[],"product_brand":[],"product_cat":[344],"product_tag":[],"class_list":{"0":"post-29640","1":"product","2":"type-product","3":"status-publish","4":"has-post-thumbnail","6":"product_cat-puhastusvahendid","8":"first","9":"instock","10":"taxable","11":"shipping-taxable","12":"purchasable","13":"product-type-simple"},"acf":[],"aioseo_notices":[],"jetpack_sharing_enabled":true,"brands":[],"_links":{"self":[{"href":"https:\/\/westbalt.ee\/index.php?rest_route=\/wp\/v2\/product\/29640","targetHints":{"allow":["GET"]}}],"collection":[{"href":"https:\/\/westbalt.ee\/index.php?rest_route=\/wp\/v2\/product"}],"about":[{"href":"https:\/\/westbalt.ee\/index.php?rest_route=\/wp\/v2\/types\/product"}],"replies":[{"embeddable":true,"href":"https:\/\/westbalt.ee\/index.php?rest_route=%2Fwp%2Fv2%2Fcomments&post=29640"}],"wp:featuredmedia":[{"embeddable":true,"href":"https:\/\/westbalt.ee\/index.php?rest_route=\/wp\/v2\/media\/29641"}],"wp:attachment":[{"href":"https:\/\/westbalt.ee\/index.php?rest_route=%2Fwp%2Fv2%2Fmedia&parent=29640"}],"wp:term":[{"taxonomy":"pwb-brand","embeddable":true,"href":"https:\/\/westbalt.ee\/index.php?rest_route=%2Fwp%2Fv2%2Fpwb-brand&post=29640"},{"taxonomy":"product_brand","embeddable":true,"href":"https:\/\/westbalt.ee\/index.php?rest_route=%2Fwp%2Fv2%2Fproduct_brand&post=29640"},{"taxonomy":"product_cat","embeddable":true,"href":"https:\/\/westbalt.ee\/index.php?rest_route=%2Fwp%2Fv2%2Fproduct_cat&post=29640"},{"taxonomy":"product_tag","embeddable":true,"href":"https:\/\/westbalt.ee\/index.php?rest_route=%2Fwp%2Fv2%2Fproduct_tag&post=29640"}],"curies":[{"name":"wp","href":"https:\/\/api.w.org\/{rel}","templated":true}]}}