{"id":29646,"date":"2023-05-03T23:34:42","date_gmt":"2023-05-03T20:34:42","guid":{"rendered":"https:\/\/westbalt.ee\/?post_type=product&#038;p=29646"},"modified":"2026-03-21T19:51:44","modified_gmt":"2026-03-21T16:51:44","slug":"jootepasta-kampoliga-175gr-cynel-vask-messing-ja-niklipindade-jootmiseks","status":"publish","type":"product","link":"https:\/\/westbalt.ee\/?product=jootepasta-kampoliga-175gr-cynel-vask-messing-ja-niklipindade-jootmiseks","title":{"rendered":"Jootepasta kampoliga 175gr CYNEL vask-, messing- ja niklipindade jootmiseks"},"content":{"rendered":"","protected":false},"excerpt":{"rendered":"<p>Kampolip\u00f5hine jootepasta orgaaniliste aktivaatoritega. Sisaldab aktiivset voogu.<br \/>\nSobib suurep\u00e4raselt tinatatud, vase, messingi, nikeldatud pindade jootmiseks, traadiotste valgendamiseks jne.<br \/>\nPastaj\u00e4\u00e4gid saab eemaldada t\u00e4rpentiniga.<\/p>\n","protected":false},"featured_media":29647,"comment_status":"open","ping_status":"closed","template":"","meta":{"_acf_changed":false,"_monsterinsights_skip_tracking":false,"_monsterinsights_sitenote_active":false,"_monsterinsights_sitenote_note":"","_monsterinsights_sitenote_category":0},"pwb-brand":[2458],"product_brand":[],"product_cat":[308],"product_tag":[],"class_list":{"0":"post-29646","1":"product","2":"type-product","3":"status-publish","4":"has-post-thumbnail","6":"pwb-brand-cynel","7":"product_cat-jootetarvikud","9":"first","10":"instock","11":"taxable","12":"shipping-taxable","13":"purchasable","14":"product-type-simple"},"acf":[],"aioseo_notices":[],"jetpack_sharing_enabled":true,"brands":[{"id":2458,"name":"CYNEL","slug":"cynel"}],"_links":{"self":[{"href":"https:\/\/westbalt.ee\/index.php?rest_route=\/wp\/v2\/product\/29646","targetHints":{"allow":["GET"]}}],"collection":[{"href":"https:\/\/westbalt.ee\/index.php?rest_route=\/wp\/v2\/product"}],"about":[{"href":"https:\/\/westbalt.ee\/index.php?rest_route=\/wp\/v2\/types\/product"}],"replies":[{"embeddable":true,"href":"https:\/\/westbalt.ee\/index.php?rest_route=%2Fwp%2Fv2%2Fcomments&post=29646"}],"wp:featuredmedia":[{"embeddable":true,"href":"https:\/\/westbalt.ee\/index.php?rest_route=\/wp\/v2\/media\/29647"}],"wp:attachment":[{"href":"https:\/\/westbalt.ee\/index.php?rest_route=%2Fwp%2Fv2%2Fmedia&parent=29646"}],"wp:term":[{"taxonomy":"pwb-brand","embeddable":true,"href":"https:\/\/westbalt.ee\/index.php?rest_route=%2Fwp%2Fv2%2Fpwb-brand&post=29646"},{"taxonomy":"product_brand","embeddable":true,"href":"https:\/\/westbalt.ee\/index.php?rest_route=%2Fwp%2Fv2%2Fproduct_brand&post=29646"},{"taxonomy":"product_cat","embeddable":true,"href":"https:\/\/westbalt.ee\/index.php?rest_route=%2Fwp%2Fv2%2Fproduct_cat&post=29646"},{"taxonomy":"product_tag","embeddable":true,"href":"https:\/\/westbalt.ee\/index.php?rest_route=%2Fwp%2Fv2%2Fproduct_tag&post=29646"}],"curies":[{"name":"wp","href":"https:\/\/api.w.org\/{rel}","templated":true}]}}