{"id":35233,"date":"2024-02-02T19:34:54","date_gmt":"2024-02-02T16:34:54","guid":{"rendered":"https:\/\/westbalt.ee\/?post_type=product&#038;p=35233"},"modified":"2026-03-21T19:44:43","modified_gmt":"2026-03-21T16:44:43","slug":"multimeeter-va28b-mini-automaatsed-piirkonnad-auto-scan","status":"publish","type":"product","link":"https:\/\/westbalt.ee\/?product=multimeeter-va28b-mini-automaatsed-piirkonnad-auto-scan","title":{"rendered":"Multimeeter VA28B mini, automaatsed piirkonnad, Auto Scan"},"content":{"rendered":"<p>Voolu tuvastamine, NCV\/LIVE test, t\u00f5eline RMS, ohutusreiting CAT III 600 V, automaatne v\u00e4ljal\u00fclitus, t\u00fchja patarei n\u00e4it, automaatne hoidmine\/j\u00e4rjepidevus, diooditest, taustvalgus\/taskulamp, punane alarmi taustvalgus.<br \/>\n<iframe width=\"420\" height=\"315\" src=\"\/\/cloud.video.taobao.com\/play\/u\/2153292369\/p\/1\/e\/6\/t\/10300\/442755652625.mp4\" frameborder=\"0\" allowfullscreen><\/iframe><\/p>\n","protected":false},"excerpt":{"rendered":"<p>\u2022 Automaatsed piirkonnad: ACV\/DCV\/takistus\/j\u00e4rjepidevus\/mahtuvus\/diood\/temperatuur\/NCV\/mA\/A<br \/>\n\u2022 Automaatne skannimine: V\/R\/CONT\/A<br \/>\n\u2022 Alalisvoolupinge 400mV\/4V\/40V\/400V\/600V<br \/>\n\u2022 Vahelduvpinge 400mV\/4V\/40V\/400V\/600V<br \/>\n\u2022 Alalisvool 40,00mA~10,00A<br \/>\n\u2022 Vahelduvvool 400,00mA~10,00A<br \/>\n\u2022 Mahtuvus 4.000nF~4mF (4000uF)<br \/>\n\u2022 Temperatuur -200\u00b0 C~1200\u00b0 C<br \/>\n\u2022 Sagedus<br \/>\n\u2022 LCD Suurus 44*30 mm<br \/>\n\u2022 M\u00f5\u00f5dud 130*62*27 mm<br \/>\n\u2022 Toide 1,5 V (AAA) x 2<br \/>\n\u2022 Kaal ~170g (koos patareiga)<\/p>\n","protected":false},"featured_media":35234,"comment_status":"open","ping_status":"closed","template":"","meta":{"_acf_changed":false,"_monsterinsights_skip_tracking":false,"_monsterinsights_sitenote_active":false,"_monsterinsights_sitenote_note":"","_monsterinsights_sitenote_category":0},"pwb-brand":[2441],"product_brand":[],"product_cat":[302],"product_tag":[],"class_list":{"0":"post-35233","1":"product","2":"type-product","3":"status-publish","4":"has-post-thumbnail","6":"pwb-brand-va","7":"product_cat-multimeetrid","9":"first","10":"instock","11":"taxable","12":"shipping-taxable","13":"purchasable","14":"product-type-simple"},"acf":[],"aioseo_notices":[],"jetpack_sharing_enabled":true,"brands":[{"id":2441,"name":"V&amp;A","slug":"va"}],"_links":{"self":[{"href":"https:\/\/westbalt.ee\/index.php?rest_route=\/wp\/v2\/product\/35233","targetHints":{"allow":["GET"]}}],"collection":[{"href":"https:\/\/westbalt.ee\/index.php?rest_route=\/wp\/v2\/product"}],"about":[{"href":"https:\/\/westbalt.ee\/index.php?rest_route=\/wp\/v2\/types\/product"}],"replies":[{"embeddable":true,"href":"https:\/\/westbalt.ee\/index.php?rest_route=%2Fwp%2Fv2%2Fcomments&post=35233"}],"wp:featuredmedia":[{"embeddable":true,"href":"https:\/\/westbalt.ee\/index.php?rest_route=\/wp\/v2\/media\/35234"}],"wp:attachment":[{"href":"https:\/\/westbalt.ee\/index.php?rest_route=%2Fwp%2Fv2%2Fmedia&parent=35233"}],"wp:term":[{"taxonomy":"pwb-brand","embeddable":true,"href":"https:\/\/westbalt.ee\/index.php?rest_route=%2Fwp%2Fv2%2Fpwb-brand&post=35233"},{"taxonomy":"product_brand","embeddable":true,"href":"https:\/\/westbalt.ee\/index.php?rest_route=%2Fwp%2Fv2%2Fproduct_brand&post=35233"},{"taxonomy":"product_cat","embeddable":true,"href":"https:\/\/westbalt.ee\/index.php?rest_route=%2Fwp%2Fv2%2Fproduct_cat&post=35233"},{"taxonomy":"product_tag","embeddable":true,"href":"https:\/\/westbalt.ee\/index.php?rest_route=%2Fwp%2Fv2%2Fproduct_tag&post=35233"}],"curies":[{"name":"wp","href":"https:\/\/api.w.org\/{rel}","templated":true}]}}