{"id":35307,"date":"2024-02-19T23:59:08","date_gmt":"2024-02-19T20:59:08","guid":{"rendered":"https:\/\/westbalt.ee\/?post_type=product&#038;p=35307"},"modified":"2026-03-21T19:53:01","modified_gmt":"2026-03-21T16:53:01","slug":"ampertangid-va316-1000a-ac-dc-automaatse-piirkonna-valikuga","status":"publish","type":"product","link":"https:\/\/westbalt.ee\/?product=ampertangid-va316-1000a-ac-dc-automaatse-piirkonna-valikuga","title":{"rendered":"Ampertangid VA316 1000A AC\/DC, automaatse piirkonna valikuga"},"content":{"rendered":"<p>\u2022 Ekraan: 3999, LCD suurus 44\u00d723 mm<br \/>\n\u2022 Automaatne ulatuse m\u00e4\u00e4ramine<br \/>\n\u2022 Tulpdiagramm\t42 segmenti<br \/>\n\u2022 L\u00f5ua maht: \uffe040mm<br \/>\n\u2022 Dioodi test<br \/>\n\u2022 J\u00e4rjepidevuse test<br \/>\n\u2022 Suhteline m\u00f5\u00f5tmine<br \/>\n\u2022 Patarei t\u00fchjenemise indikaator<br \/>\n\u2022 Andmete hoidmine<br \/>\n\u2022 Taustvalgustus<br \/>\n\u2022 Automaatne v\u00e4ljal\u00fclitus<br \/>\n\u2022 Toide: patarei AAA 1,5 V x 3 (komplektis)<br \/>\n\u2022 M\u00f5\u00f5dud 225\u00d786\u00d732 mm<br \/>\n\u2022 Kaal 330 g (koos patareiga)<\/p>\n","protected":false},"excerpt":{"rendered":"<p>\u2022 Vahelduvvool 400A\/1000A\u00b1(2,5%+8)<br \/>\n\u2022 Alalisvoolupinge 4V\/40V\/400V\/1000V\u00b1(0,8%+5)<br \/>\n\u2022 Vahelduvpinge 4V\/40V\/400V\/700V\u00b1(1,2%+5)<br \/>\n\u2022 Takistus 400\/4K\/40K\/400K\/4M\u03a9\/40M\u03a9\u00b1(1%+5)<br \/>\n\u2022 Sagedus\t40\/400\/4K\/40K\/100KHZ\u00b1(0,1%+1)<\/p>\n","protected":false},"featured_media":35308,"comment_status":"open","ping_status":"closed","template":"","meta":{"_acf_changed":false,"_monsterinsights_skip_tracking":false,"_monsterinsights_sitenote_active":false,"_monsterinsights_sitenote_note":"","_monsterinsights_sitenote_category":0},"pwb-brand":[2441],"product_brand":[],"product_cat":[299],"product_tag":[],"class_list":{"0":"post-35307","1":"product","2":"type-product","3":"status-publish","4":"has-post-thumbnail","6":"pwb-brand-va","7":"product_cat-ampertangid","9":"first","10":"instock","11":"taxable","12":"shipping-taxable","13":"purchasable","14":"product-type-simple"},"acf":[],"aioseo_notices":[],"jetpack_sharing_enabled":true,"brands":[{"id":2441,"name":"V&amp;A","slug":"va"}],"_links":{"self":[{"href":"https:\/\/westbalt.ee\/index.php?rest_route=\/wp\/v2\/product\/35307","targetHints":{"allow":["GET"]}}],"collection":[{"href":"https:\/\/westbalt.ee\/index.php?rest_route=\/wp\/v2\/product"}],"about":[{"href":"https:\/\/westbalt.ee\/index.php?rest_route=\/wp\/v2\/types\/product"}],"replies":[{"embeddable":true,"href":"https:\/\/westbalt.ee\/index.php?rest_route=%2Fwp%2Fv2%2Fcomments&post=35307"}],"wp:featuredmedia":[{"embeddable":true,"href":"https:\/\/westbalt.ee\/index.php?rest_route=\/wp\/v2\/media\/35308"}],"wp:attachment":[{"href":"https:\/\/westbalt.ee\/index.php?rest_route=%2Fwp%2Fv2%2Fmedia&parent=35307"}],"wp:term":[{"taxonomy":"pwb-brand","embeddable":true,"href":"https:\/\/westbalt.ee\/index.php?rest_route=%2Fwp%2Fv2%2Fpwb-brand&post=35307"},{"taxonomy":"product_brand","embeddable":true,"href":"https:\/\/westbalt.ee\/index.php?rest_route=%2Fwp%2Fv2%2Fproduct_brand&post=35307"},{"taxonomy":"product_cat","embeddable":true,"href":"https:\/\/westbalt.ee\/index.php?rest_route=%2Fwp%2Fv2%2Fproduct_cat&post=35307"},{"taxonomy":"product_tag","embeddable":true,"href":"https:\/\/westbalt.ee\/index.php?rest_route=%2Fwp%2Fv2%2Fproduct_tag&post=35307"}],"curies":[{"name":"wp","href":"https:\/\/api.w.org\/{rel}","templated":true}]}}