{"id":36489,"date":"2025-02-07T14:04:14","date_gmt":"2025-02-07T11:04:14","guid":{"rendered":"https:\/\/westbalt.ee\/?post_type=product&#038;p=36489"},"modified":"2026-03-21T19:47:39","modified_gmt":"2026-03-21T16:47:39","slug":"evakuatsioonivalgusti-nessi-led-3w-150lm-3h-ip65","status":"publish","type":"product","link":"https:\/\/westbalt.ee\/?product=evakuatsioonivalgusti-nessi-led-3w-150lm-3h-ip65","title":{"rendered":"Evakuatsioonivalgusti NESSI LED 3W 150lm 3h IP65"},"content":{"rendered":"<p>&#8211;<\/p>\n","protected":false},"excerpt":{"rendered":"<p>Pinnapealne, 3 erinevat piktogrammi komplektis.<br \/>\nValgusvoog\t150 lm<br \/>\nV\u00e4rvitemperatuur\t6500 K<br \/>\nV\u00e4ljundv\u00f5imsus avariire\u017eiimis\t3 W<br \/>\nAku t\u00fc\u00fcp\tLiFePo4, mahutavus\t1500 mAh<br \/>\nHajuti materjal\tplastik (PC)<br \/>\nKorpuse materjal\tplastik (ABS)<br \/>\nToitepinge\t220\u2013240 V AC<br \/>\nM\u00f5\u00f5tmed\t351 \u00d7 111 \u00d7 63 mm<br \/>\nT\u00f6\u00f6temperatuuri vahemik\t0 \u00b0C kuni +40 \u00b0C<br \/>\nMehaaniline l\u00f6\u00f6gikaitse\tIK08<\/p>\n","protected":false},"featured_media":36491,"comment_status":"open","ping_status":"closed","template":"","meta":{"_acf_changed":false,"_monsterinsights_skip_tracking":false,"_monsterinsights_sitenote_active":false,"_monsterinsights_sitenote_note":"","_monsterinsights_sitenote_category":0},"pwb-brand":[2437],"product_brand":[],"product_cat":[170],"product_tag":[],"class_list":{"0":"post-36489","1":"product","2":"type-product","3":"status-publish","4":"has-post-thumbnail","6":"pwb-brand-emos","7":"product_cat-plafoonvalgustid","9":"first","10":"onbackorder","11":"taxable","12":"shipping-taxable","13":"purchasable","14":"product-type-simple"},"acf":[],"aioseo_notices":[],"jetpack_sharing_enabled":true,"brands":[{"id":2437,"name":"EMOS","slug":"emos"}],"_links":{"self":[{"href":"https:\/\/westbalt.ee\/index.php?rest_route=\/wp\/v2\/product\/36489","targetHints":{"allow":["GET"]}}],"collection":[{"href":"https:\/\/westbalt.ee\/index.php?rest_route=\/wp\/v2\/product"}],"about":[{"href":"https:\/\/westbalt.ee\/index.php?rest_route=\/wp\/v2\/types\/product"}],"replies":[{"embeddable":true,"href":"https:\/\/westbalt.ee\/index.php?rest_route=%2Fwp%2Fv2%2Fcomments&post=36489"}],"wp:featuredmedia":[{"embeddable":true,"href":"https:\/\/westbalt.ee\/index.php?rest_route=\/wp\/v2\/media\/36491"}],"wp:attachment":[{"href":"https:\/\/westbalt.ee\/index.php?rest_route=%2Fwp%2Fv2%2Fmedia&parent=36489"}],"wp:term":[{"taxonomy":"pwb-brand","embeddable":true,"href":"https:\/\/westbalt.ee\/index.php?rest_route=%2Fwp%2Fv2%2Fpwb-brand&post=36489"},{"taxonomy":"product_brand","embeddable":true,"href":"https:\/\/westbalt.ee\/index.php?rest_route=%2Fwp%2Fv2%2Fproduct_brand&post=36489"},{"taxonomy":"product_cat","embeddable":true,"href":"https:\/\/westbalt.ee\/index.php?rest_route=%2Fwp%2Fv2%2Fproduct_cat&post=36489"},{"taxonomy":"product_tag","embeddable":true,"href":"https:\/\/westbalt.ee\/index.php?rest_route=%2Fwp%2Fv2%2Fproduct_tag&post=36489"}],"curies":[{"name":"wp","href":"https:\/\/api.w.org\/{rel}","templated":true}]}}