{"id":7927,"date":"2012-10-05T06:38:00","date_gmt":"2012-10-05T03:38:00","guid":{"rendered":"https:\/\/westbalt.ee\/?post_type=product&#038;p=7927"},"modified":"2026-03-21T19:52:56","modified_gmt":"2026-03-21T16:52:56","slug":"liikumisandur-360-lakke-installeeritav","status":"publish","type":"product","link":"https:\/\/westbalt.ee\/?product=liikumisandur-360-lakke-installeeritav","title":{"rendered":"Liikumisandur 360\u00b0 lakke, valge"},"content":{"rendered":"<p>\u2022 toide: AC 230V<br \/>\n\u2022 valgustus: < 10lux\n\u2022 viiteaeg: min.: 5 s., maks.: 6 min. \u00b1 1 min.\n\u2022 l\u00fclitatav koormus: 1200W ( NB! RESISTIIVNE KOORMUS !)\n\u2022 avastamise ulatus: 6m maks.\n\u2022 avastamise piirkond: k\u00fcljele: 120\u00b0, \u00fclalt: 360\u00b0\n\u2022 t\u00f6\u00f6temperatuur: -20\u00b0C ...+40\u00b0C ; niiskus: < 93% RH\n\u2022 installeeritav k\u00f5rgus: 2m ~ 4m\n\u2022 v\u00f5imsustarve: 0.5W (staatiline 0.1W)\n\u2022 avastamiskiirus: 0.6 ~ 1.5m\/s\n<\/p>\n","protected":false},"excerpt":{"rendered":"<p>\u2022 automaatse p\u00e4ev\/\u00f6\u00f6 \u00e4ratundmisega<br \/>\n\u2022 lihtsalt installeeritav, laia nurgaga<br \/>\n\u2022 indikatsioon: ON\/OFF ja detektor<\/p>\n","protected":false},"featured_media":7928,"comment_status":"open","ping_status":"closed","template":"","meta":{"_acf_changed":false,"_monsterinsights_skip_tracking":false,"_monsterinsights_sitenote_active":false,"_monsterinsights_sitenote_note":"","_monsterinsights_sitenote_category":0},"pwb-brand":[],"product_brand":[],"product_cat":[162],"product_tag":[],"class_list":{"0":"post-7927","1":"product","2":"type-product","3":"status-publish","4":"has-post-thumbnail","6":"product_cat-valgustite-komponendid","7":"pa_varv-valge","9":"first","10":"instock","11":"taxable","12":"shipping-taxable","13":"purchasable","14":"product-type-simple"},"acf":[],"aioseo_notices":[],"jetpack_sharing_enabled":true,"brands":[],"_links":{"self":[{"href":"https:\/\/westbalt.ee\/index.php?rest_route=\/wp\/v2\/product\/7927","targetHints":{"allow":["GET"]}}],"collection":[{"href":"https:\/\/westbalt.ee\/index.php?rest_route=\/wp\/v2\/product"}],"about":[{"href":"https:\/\/westbalt.ee\/index.php?rest_route=\/wp\/v2\/types\/product"}],"replies":[{"embeddable":true,"href":"https:\/\/westbalt.ee\/index.php?rest_route=%2Fwp%2Fv2%2Fcomments&post=7927"}],"wp:featuredmedia":[{"embeddable":true,"href":"https:\/\/westbalt.ee\/index.php?rest_route=\/wp\/v2\/media\/7928"}],"wp:attachment":[{"href":"https:\/\/westbalt.ee\/index.php?rest_route=%2Fwp%2Fv2%2Fmedia&parent=7927"}],"wp:term":[{"taxonomy":"pwb-brand","embeddable":true,"href":"https:\/\/westbalt.ee\/index.php?rest_route=%2Fwp%2Fv2%2Fpwb-brand&post=7927"},{"taxonomy":"product_brand","embeddable":true,"href":"https:\/\/westbalt.ee\/index.php?rest_route=%2Fwp%2Fv2%2Fproduct_brand&post=7927"},{"taxonomy":"product_cat","embeddable":true,"href":"https:\/\/westbalt.ee\/index.php?rest_route=%2Fwp%2Fv2%2Fproduct_cat&post=7927"},{"taxonomy":"product_tag","embeddable":true,"href":"https:\/\/westbalt.ee\/index.php?rest_route=%2Fwp%2Fv2%2Fproduct_tag&post=7927"}],"curies":[{"name":"wp","href":"https:\/\/api.w.org\/{rel}","templated":true}]}}