{"id":8239,"date":"2012-10-05T10:50:19","date_gmt":"2012-10-05T07:50:19","guid":{"rendered":"https:\/\/westbalt.ee\/?post_type=product&#038;p=8239"},"modified":"2026-03-21T19:52:19","modified_gmt":"2026-03-21T16:52:19","slug":"muram-tja-velleman-dem201","status":"publish","type":"product","link":"https:\/\/westbalt.ee\/?product=muram-tja-velleman-dem201","title":{"rendered":"M\u00fcram\u00f5\u00f5tja Velleman DEM201"},"content":{"rendered":"<p>&#8211;<\/p>\n","protected":false},"excerpt":{"rendered":"<p>\u2022 m\u00fcratase vahemikus:<br \/>\nLo: 30 dB ~ 80 dB Med: 50 dB ~ 100 dB<br \/>\nHi: 80 dB ~ 130 dB Auto: 30 dB ~ 130 dB<br \/>\n\u2022 t\u00e4psus: +\/- 1,4 dB 94 dB @ 1 kHz<br \/>\n\u2022 sagedusala: 31,5 Hz kuni 8 kHz<br \/>\n\u2022 aja osakaal: kiire (125 ms), aeglane (1 s)<br \/>\n\u2022 toide: 1 x 9 V patarei 6F22 (sh.)<br \/>\n\u2022 automaatne v\u00e4ljal\u00fclitus: 15 min.<br \/>\n\u2022 t\u00f6\u00f6temperatuur: -20 \u00b0 C ~ + 60 \u00b0 C (<90% RH)\n<\/p>\n","protected":false},"featured_media":8240,"comment_status":"open","ping_status":"open","template":"","meta":{"_acf_changed":false,"_monsterinsights_skip_tracking":false,"_monsterinsights_sitenote_active":false,"_monsterinsights_sitenote_note":"","_monsterinsights_sitenote_category":0},"pwb-brand":[2410],"product_brand":[],"product_cat":[300],"product_tag":[],"class_list":{"0":"post-8239","1":"product","2":"type-product","3":"status-publish","4":"has-post-thumbnail","6":"pwb-brand-velleman","7":"product_cat-elektriinstallatsiooni-m-teriistad","8":"pa_m-dud-189-x-62-x-32-mm","10":"first","11":"onbackorder","12":"taxable","13":"shipping-taxable","14":"purchasable","15":"product-type-simple"},"acf":[],"aioseo_notices":[],"jetpack_sharing_enabled":true,"brands":[{"id":2410,"name":"VELLEMAN","slug":"velleman"}],"_links":{"self":[{"href":"https:\/\/westbalt.ee\/index.php?rest_route=\/wp\/v2\/product\/8239","targetHints":{"allow":["GET"]}}],"collection":[{"href":"https:\/\/westbalt.ee\/index.php?rest_route=\/wp\/v2\/product"}],"about":[{"href":"https:\/\/westbalt.ee\/index.php?rest_route=\/wp\/v2\/types\/product"}],"replies":[{"embeddable":true,"href":"https:\/\/westbalt.ee\/index.php?rest_route=%2Fwp%2Fv2%2Fcomments&post=8239"}],"wp:featuredmedia":[{"embeddable":true,"href":"https:\/\/westbalt.ee\/index.php?rest_route=\/wp\/v2\/media\/8240"}],"wp:attachment":[{"href":"https:\/\/westbalt.ee\/index.php?rest_route=%2Fwp%2Fv2%2Fmedia&parent=8239"}],"wp:term":[{"taxonomy":"pwb-brand","embeddable":true,"href":"https:\/\/westbalt.ee\/index.php?rest_route=%2Fwp%2Fv2%2Fpwb-brand&post=8239"},{"taxonomy":"product_brand","embeddable":true,"href":"https:\/\/westbalt.ee\/index.php?rest_route=%2Fwp%2Fv2%2Fproduct_brand&post=8239"},{"taxonomy":"product_cat","embeddable":true,"href":"https:\/\/westbalt.ee\/index.php?rest_route=%2Fwp%2Fv2%2Fproduct_cat&post=8239"},{"taxonomy":"product_tag","embeddable":true,"href":"https:\/\/westbalt.ee\/index.php?rest_route=%2Fwp%2Fv2%2Fproduct_tag&post=8239"}],"curies":[{"name":"wp","href":"https:\/\/api.w.org\/{rel}","templated":true}]}}