{"id":9372,"date":"2012-10-05T19:55:00","date_gmt":"2012-10-05T16:55:00","guid":{"rendered":"https:\/\/westbalt.ee\/?post_type=product&#038;p=9372"},"modified":"2026-03-21T19:45:00","modified_gmt":"2026-03-21T16:45:00","slug":"toongeneraatoriga-kaabliotsija-ms6812","status":"publish","type":"product","link":"https:\/\/westbalt.ee\/?product=toongeneraatoriga-kaabliotsija-ms6812","title":{"rendered":"Toongeneraatoriga kaabliotsija MS6812"},"content":{"rendered":"","protected":false},"excerpt":{"rendered":"<p>\u00b7 kaabli otsija: pidevreziim ja toongeneraatoriga reziim.<br \/>\n\u00b7 toongeneraator: kasuta toongeneraatorit ja proovikut kaabli otsimiseks seintes.<br \/>\n\u00b7 toongeneraatori v\u00e4ljund  (nelinurk lainekuju ): \u00fcksik (1500 Hz)v\u00f5i duaal (1300 &#8211; 1700 Hz).<br \/>\n\u00b7 komplektis pehme kott.<br \/>\n\u00b7 toongeneraatori toide: DC 9 V (patarei, komplektis).<br \/>\n\u00b7 prooviku toide: DC 9 V (patarei, komplektis)<\/p>\n","protected":false},"featured_media":35218,"comment_status":"open","ping_status":"closed","template":"","meta":{"_acf_changed":false,"_monsterinsights_skip_tracking":false,"_monsterinsights_sitenote_active":false,"_monsterinsights_sitenote_note":"","_monsterinsights_sitenote_category":0},"pwb-brand":[2441],"product_brand":[],"product_cat":[301],"product_tag":[],"class_list":{"0":"post-9372","1":"product","2":"type-product","3":"status-publish","4":"has-post-thumbnail","6":"pwb-brand-va","7":"product_cat-spets-m-teriistad","9":"first","10":"instock","11":"taxable","12":"shipping-taxable","13":"purchasable","14":"product-type-simple"},"acf":[],"aioseo_notices":[],"jetpack_sharing_enabled":true,"brands":[{"id":2441,"name":"V&amp;A","slug":"va"}],"_links":{"self":[{"href":"https:\/\/westbalt.ee\/index.php?rest_route=\/wp\/v2\/product\/9372","targetHints":{"allow":["GET"]}}],"collection":[{"href":"https:\/\/westbalt.ee\/index.php?rest_route=\/wp\/v2\/product"}],"about":[{"href":"https:\/\/westbalt.ee\/index.php?rest_route=\/wp\/v2\/types\/product"}],"replies":[{"embeddable":true,"href":"https:\/\/westbalt.ee\/index.php?rest_route=%2Fwp%2Fv2%2Fcomments&post=9372"}],"wp:featuredmedia":[{"embeddable":true,"href":"https:\/\/westbalt.ee\/index.php?rest_route=\/wp\/v2\/media\/35218"}],"wp:attachment":[{"href":"https:\/\/westbalt.ee\/index.php?rest_route=%2Fwp%2Fv2%2Fmedia&parent=9372"}],"wp:term":[{"taxonomy":"pwb-brand","embeddable":true,"href":"https:\/\/westbalt.ee\/index.php?rest_route=%2Fwp%2Fv2%2Fpwb-brand&post=9372"},{"taxonomy":"product_brand","embeddable":true,"href":"https:\/\/westbalt.ee\/index.php?rest_route=%2Fwp%2Fv2%2Fproduct_brand&post=9372"},{"taxonomy":"product_cat","embeddable":true,"href":"https:\/\/westbalt.ee\/index.php?rest_route=%2Fwp%2Fv2%2Fproduct_cat&post=9372"},{"taxonomy":"product_tag","embeddable":true,"href":"https:\/\/westbalt.ee\/index.php?rest_route=%2Fwp%2Fv2%2Fproduct_tag&post=9372"}],"curies":[{"name":"wp","href":"https:\/\/api.w.org\/{rel}","templated":true}]}}