{"id":9752,"date":"2012-10-05T22:59:01","date_gmt":"2012-10-05T19:59:01","guid":{"rendered":"https:\/\/westbalt.ee\/?post_type=product&#038;p=9752"},"modified":"2026-03-21T19:55:03","modified_gmt":"2026-03-21T16:55:03","slug":"radiaator-ensto-beta-500w","status":"publish","type":"product","link":"https:\/\/westbalt.ee\/?product=radiaator-ensto-beta-500w","title":{"rendered":"Radiaator TX  500W, Thermoval"},"content":{"rendered":"<p>TEHNILISED ANDMED<br \/>\n&#8211; Nimipinge V AC: 230 \u00b110<br \/>\n&#8211; Nimiv\u00f5imsus W: 500<br \/>\n&#8211; Nimivool \u0410: 2,1<br \/>\n&#8211; Sagedus Hz: 50 \u00b11<br \/>\n&#8211; Kaitseaste: IP20<br \/>\n&#8211; Kaitseklass elektril\u00f6\u00f6gi vastu: II<\/p>\n<p>TARNEKOMPLEKT<br \/>\n&#8211; Elektriline konvektor 1 tk<br \/>\n&#8211; Seinakinnitus: 1 kmpl<br \/>\n&#8211; Tugijalad: 1 kmpl<\/p>\n","protected":false},"excerpt":{"rendered":"<p>Konvektort\u00fc\u00fcpi radiaator mehaanilise termostaadiga ja pistikuga. Seinale paigaldatav elektriline konvektor on ette n\u00e4htud kasutamiseks tavaliste keskkonnatingimustega ruumides. Konvektor on varustatud v\u00f5imsuse j\u00e4rkj\u00e4rgulise reguleerimise s\u00fcsteemiga, v\u00e4ljuva \u00f5hu (isel\u00e4htestuva) piirikuga ja ruumi k\u00fclmumise eest kaitsva funktsiooniga (kaitseb soojavee-k\u00fcttes\u00fcsteemi k\u00fclmumise eest, kui s\u00fcsteemi ei kasutata). Konvektorid on ette n\u00e4htud \u00f6\u00f6p\u00e4evaringseks t\u00f6\u00f6ks ega vaja pidevat j\u00e4relevalvet.<\/p>\n","protected":false},"featured_media":26178,"comment_status":"open","ping_status":"closed","template":"","meta":{"_acf_changed":false,"_monsterinsights_skip_tracking":false,"_monsterinsights_sitenote_active":false,"_monsterinsights_sitenote_note":"","_monsterinsights_sitenote_category":0},"pwb-brand":[],"product_brand":[],"product_cat":[152],"product_tag":[],"class_list":{"0":"post-9752","1":"product","2":"type-product","3":"status-publish","4":"has-post-thumbnail","6":"product_cat-konvektorid","7":"pa_m-dud-389-x-585-mm","9":"first","10":"onbackorder","11":"taxable","12":"shipping-taxable","13":"purchasable","14":"product-type-simple"},"acf":[],"aioseo_notices":[],"jetpack_sharing_enabled":true,"brands":[],"_links":{"self":[{"href":"https:\/\/westbalt.ee\/index.php?rest_route=\/wp\/v2\/product\/9752","targetHints":{"allow":["GET"]}}],"collection":[{"href":"https:\/\/westbalt.ee\/index.php?rest_route=\/wp\/v2\/product"}],"about":[{"href":"https:\/\/westbalt.ee\/index.php?rest_route=\/wp\/v2\/types\/product"}],"replies":[{"embeddable":true,"href":"https:\/\/westbalt.ee\/index.php?rest_route=%2Fwp%2Fv2%2Fcomments&post=9752"}],"wp:featuredmedia":[{"embeddable":true,"href":"https:\/\/westbalt.ee\/index.php?rest_route=\/wp\/v2\/media\/26178"}],"wp:attachment":[{"href":"https:\/\/westbalt.ee\/index.php?rest_route=%2Fwp%2Fv2%2Fmedia&parent=9752"}],"wp:term":[{"taxonomy":"pwb-brand","embeddable":true,"href":"https:\/\/westbalt.ee\/index.php?rest_route=%2Fwp%2Fv2%2Fpwb-brand&post=9752"},{"taxonomy":"product_brand","embeddable":true,"href":"https:\/\/westbalt.ee\/index.php?rest_route=%2Fwp%2Fv2%2Fproduct_brand&post=9752"},{"taxonomy":"product_cat","embeddable":true,"href":"https:\/\/westbalt.ee\/index.php?rest_route=%2Fwp%2Fv2%2Fproduct_cat&post=9752"},{"taxonomy":"product_tag","embeddable":true,"href":"https:\/\/westbalt.ee\/index.php?rest_route=%2Fwp%2Fv2%2Fproduct_tag&post=9752"}],"curies":[{"name":"wp","href":"https:\/\/api.w.org\/{rel}","templated":true}]}}