{"id":9756,"date":"2012-10-05T23:00:11","date_gmt":"2012-10-05T20:00:11","guid":{"rendered":"https:\/\/westbalt.ee\/?post_type=product&#038;p=9756"},"modified":"2026-03-21T19:54:18","modified_gmt":"2026-03-21T16:54:18","slug":"radiaator-ensto-beta-1000w","status":"publish","type":"product","link":"https:\/\/westbalt.ee\/?product=radiaator-ensto-beta-1000w","title":{"rendered":"Radiaator TX 1000W, Thermoval"},"content":{"rendered":"<p>&#8211; Konvektort\u00fc\u00fcpi radiaator mehaanilise termostaadiga.<\/p>\n<p>&#8211; Seinale paigaldatav elektriline konvektor on ette n\u00e4htud<br \/>\n  kasutamiseks tavaliste keskkonnatingimustega ruumides.<\/p>\n<p>&#8211; Konvektor on varustatud v\u00f5imsuse j\u00e4rkj\u00e4rgulise reguleerimise<br \/>\n  s\u00fcsteemiga, v\u00e4ljuva \u00f5hu (isel\u00e4htestuva) piirikuga ja ruumi<br \/>\n  k\u00fclmumise eest kaitsva funktsiooniga (kaitseb soojavee-<br \/>\n  k\u00fcttes\u00fcsteemi k\u00fclmumise eest, kui s\u00fcsteemi ei kasutata).<\/p>\n<p>&#8211; Konvektorid on ette n\u00e4htud \u00f6\u00f6p\u00e4evaringseks t\u00f6\u00f6ks ega vaja pidevat<br \/>\n  j\u00e4relevalvet.<\/p>\n","protected":false},"excerpt":{"rendered":"<p>TEHNILISED ANDMED<br \/>\n\u2013 Nimipinge V AC: 230 \u00b110<br \/>\n\u2013 Nimiv\u00f5imsus W: 1000<br \/>\n\u2013 Nimivool \u0410: 4,3<br \/>\n\u2013 Sagedus Hz: 50 \u00b11<br \/>\n\u2013 Kaitseaste: IP20<br \/>\n\u2013 Kaitseklass elektril\u00f6\u00f6gi vastu: II<\/p>\n<p>TARNEKOMPLEKT<br \/>\n\u2013 Elektriline konvektor 1 tk<br \/>\n\u2013 Seinakinnitus: 1 kmpl<br \/>\n\u2013 Tugijalad: 1 kmpl<\/p>\n","protected":false},"featured_media":26178,"comment_status":"open","ping_status":"closed","template":"","meta":{"_acf_changed":false,"_monsterinsights_skip_tracking":false,"_monsterinsights_sitenote_active":false,"_monsterinsights_sitenote_note":"","_monsterinsights_sitenote_category":0},"pwb-brand":[],"product_brand":[],"product_cat":[152],"product_tag":[],"class_list":{"0":"post-9756","1":"product","2":"type-product","3":"status-publish","4":"has-post-thumbnail","6":"product_cat-konvektorid","8":"first","9":"instock","10":"taxable","11":"shipping-taxable","12":"purchasable","13":"product-type-simple"},"acf":[],"aioseo_notices":[],"jetpack_sharing_enabled":true,"brands":[],"_links":{"self":[{"href":"https:\/\/westbalt.ee\/index.php?rest_route=\/wp\/v2\/product\/9756","targetHints":{"allow":["GET"]}}],"collection":[{"href":"https:\/\/westbalt.ee\/index.php?rest_route=\/wp\/v2\/product"}],"about":[{"href":"https:\/\/westbalt.ee\/index.php?rest_route=\/wp\/v2\/types\/product"}],"replies":[{"embeddable":true,"href":"https:\/\/westbalt.ee\/index.php?rest_route=%2Fwp%2Fv2%2Fcomments&post=9756"}],"wp:featuredmedia":[{"embeddable":true,"href":"https:\/\/westbalt.ee\/index.php?rest_route=\/wp\/v2\/media\/26178"}],"wp:attachment":[{"href":"https:\/\/westbalt.ee\/index.php?rest_route=%2Fwp%2Fv2%2Fmedia&parent=9756"}],"wp:term":[{"taxonomy":"pwb-brand","embeddable":true,"href":"https:\/\/westbalt.ee\/index.php?rest_route=%2Fwp%2Fv2%2Fpwb-brand&post=9756"},{"taxonomy":"product_brand","embeddable":true,"href":"https:\/\/westbalt.ee\/index.php?rest_route=%2Fwp%2Fv2%2Fproduct_brand&post=9756"},{"taxonomy":"product_cat","embeddable":true,"href":"https:\/\/westbalt.ee\/index.php?rest_route=%2Fwp%2Fv2%2Fproduct_cat&post=9756"},{"taxonomy":"product_tag","embeddable":true,"href":"https:\/\/westbalt.ee\/index.php?rest_route=%2Fwp%2Fv2%2Fproduct_tag&post=9756"}],"curies":[{"name":"wp","href":"https:\/\/api.w.org\/{rel}","templated":true}]}}